Last updated on 2025-11-22 09:49:53 CET.
| Flavor | Version | Tinstall | Tcheck | Ttotal | Status | Flags |
|---|---|---|---|---|---|---|
| r-devel-linux-x86_64-debian-clang | 1.0.2 | 39.17 | 83.65 | 122.82 | NOTE | |
| r-devel-linux-x86_64-debian-gcc | 1.0.2 | 31.41 | 61.08 | 92.49 | NOTE | |
| r-devel-linux-x86_64-fedora-clang | 1.0.2 | 121.00 | 98.95 | 219.95 | NOTE | |
| r-devel-linux-x86_64-fedora-gcc | 1.0.2 | 214.00 | 0.68 | 214.68 | NOTE | |
| r-devel-windows-x86_64 | 1.0.2 | 84.00 | 91.00 | 175.00 | NOTE | |
| r-patched-linux-x86_64 | 1.0.2 | 34.68 | 79.98 | 114.66 | NOTE | |
| r-release-linux-x86_64 | 1.0.2 | 35.18 | 80.25 | 115.43 | NOTE | |
| r-release-macos-arm64 | 1.0.2 | NOTE | ||||
| r-release-macos-x86_64 | 1.0.2 | 141.00 | 80.00 | 221.00 | NOTE | |
| r-release-windows-x86_64 | 1.0.2 | 65.00 | 91.00 | 156.00 | NOTE | |
| r-oldrel-macos-arm64 | 1.0.2 | NOTE | ||||
| r-oldrel-macos-x86_64 | 1.0.2 | 85.00 | 58.00 | 143.00 | NOTE | |
| r-oldrel-windows-x86_64 | 1.0.2 | 73.00 | 114.00 | 187.00 | NOTE |
Version: 1.0.2
Check: DESCRIPTION meta-information
Result: NOTE
Missing dependency on R >= 4.1.0 because package code uses the pipe
|> or function shorthand \(...) syntax added in R 4.1.0.
File(s) using such syntax:
‘app_server.R’
Flavors: r-devel-linux-x86_64-debian-clang, r-devel-linux-x86_64-debian-gcc, r-devel-linux-x86_64-fedora-clang, r-devel-linux-x86_64-fedora-gcc, r-devel-windows-x86_64, r-patched-linux-x86_64, r-release-linux-x86_64, r-release-macos-arm64, r-release-macos-x86_64, r-release-windows-x86_64
Version: 1.0.2
Check: package dependencies
Result: NOTE
Package suggested but not available for checking: ‘gridlayout’
Flavors: r-oldrel-macos-arm64, r-oldrel-macos-x86_64, r-oldrel-windows-x86_64
Version: 1.0.2
Check: installed package size
Result: NOTE
installed size is 6.3Mb
sub-directories of 1Mb or more:
data 6.1Mb
Flavors: r-oldrel-macos-arm64, r-oldrel-macos-x86_64, r-oldrel-windows-x86_64