Last updated on 2024-08-15 09:48:29 CEST.
Flavor | Version | Tinstall | Tcheck | Ttotal | Status | Flags |
---|---|---|---|---|---|---|
r-devel-linux-x86_64-debian-clang | 0.1.5 | 2.44 | 32.59 | 35.03 | NOTE | |
r-devel-linux-x86_64-debian-gcc | 0.1.5 | 2.42 | 24.70 | 27.12 | NOTE | |
r-devel-linux-x86_64-fedora-clang | 0.1.5 | 58.32 | NOTE | |||
r-devel-linux-x86_64-fedora-gcc | 0.1.5 | 71.37 | NOTE | |||
r-devel-windows-x86_64 | 0.1.5 | 4.00 | 53.00 | 57.00 | NOTE | |
r-patched-linux-x86_64 | 0.1.5 | 3.49 | 30.74 | 34.23 | NOTE | |
r-release-linux-x86_64 | 0.1.5 | 3.28 | 31.01 | 34.29 | NOTE | |
r-release-macos-arm64 | 0.1.5 | 27.00 | NOTE | |||
r-release-macos-x86_64 | 0.1.5 | 47.00 | NOTE | |||
r-release-windows-x86_64 | 0.1.5 | 5.00 | 53.00 | 58.00 | NOTE | |
r-oldrel-macos-arm64 | 0.1.5 | 26.00 | NOTE | |||
r-oldrel-macos-x86_64 | 0.1.5 | 41.00 | NOTE | |||
r-oldrel-windows-x86_64 | 0.1.5 | 6.00 | 57.00 | 63.00 | NOTE |
Version: 0.1.5
Check: LazyData
Result: NOTE
'LazyData' is specified without a 'data' directory
Flavors: r-devel-linux-x86_64-debian-clang, r-devel-linux-x86_64-debian-gcc, r-devel-linux-x86_64-fedora-clang, r-devel-linux-x86_64-fedora-gcc, r-devel-windows-x86_64, r-patched-linux-x86_64, r-release-linux-x86_64, r-release-macos-arm64, r-release-macos-x86_64, r-release-windows-x86_64, r-oldrel-macos-arm64, r-oldrel-macos-x86_64, r-oldrel-windows-x86_64