CRAN Package Check Results for Package forestPSD

Last updated on 2025-05-28 09:52:55 CEST.

Flavor Version Tinstall Tcheck Ttotal Status Flags
r-devel-linux-x86_64-debian-clang 1.0.0 1.67 21.55 23.22 OK
r-devel-linux-x86_64-debian-gcc 1.0.0 1.57 16.70 18.27 OK
r-devel-linux-x86_64-fedora-clang 1.0.0 36.39 NOTE
r-devel-linux-x86_64-fedora-gcc 1.0.0 34.53 NOTE
r-devel-windows-x86_64 1.0.0 4.00 43.00 47.00 OK
r-patched-linux-x86_64 1.0.0 2.02 21.26 23.28 OK
r-release-linux-x86_64 1.0.0 1.76 20.71 22.47 OK
r-release-macos-arm64 1.0.0 32.00 OK
r-release-macos-x86_64 1.0.0 27.00 OK
r-release-windows-x86_64 1.0.0 3.00 44.00 47.00 OK
r-oldrel-macos-arm64 1.0.0 18.00 OK
r-oldrel-macos-x86_64 1.0.0 26.00 OK
r-oldrel-windows-x86_64 1.0.0 4.00 49.00 53.00 OK

Check Details

Version: 1.0.0
Check: dependencies in R code
Result: NOTE Namespaces in Imports field not imported from: ‘ggplot2’ ‘reshape2’ All declared Imports should be used. Flavors: r-devel-linux-x86_64-fedora-clang, r-devel-linux-x86_64-fedora-gcc