CRAN Package Check Results for Package foretell

Last updated on 2025-11-23 09:50:48 CET.

Flavor Version Tinstall Tcheck Ttotal Status Flags
r-devel-linux-x86_64-debian-clang 0.2.0 1.88 22.12 24.00 NOTE
r-devel-linux-x86_64-debian-gcc 0.2.0 1.48 18.21 19.69 NOTE
r-devel-linux-x86_64-fedora-clang 0.2.0 33.09 OK
r-devel-linux-x86_64-fedora-gcc 0.2.0 30.56 OK
r-devel-windows-x86_64 0.2.0 4.00 39.00 43.00 OK
r-patched-linux-x86_64 0.2.0 1.92 19.06 20.98 OK
r-release-linux-x86_64 0.2.0 1.81 18.98 20.79 OK
r-release-macos-arm64 0.2.0 OK
r-release-macos-x86_64 0.2.0 2.00 21.00 23.00 OK
r-release-windows-x86_64 0.2.0 4.00 45.00 49.00 OK
r-oldrel-macos-arm64 0.2.0 OK
r-oldrel-macos-x86_64 0.2.0 2.00 18.00 20.00 OK
r-oldrel-windows-x86_64 0.2.0 3.00 44.00 47.00 OK

Check Details

Version: 0.2.0
Check: CRAN incoming feasibility
Result: NOTE Maintainer: ‘Srihari Jaganathan <sriharitn@gmail.com>’ No Authors@R field in DESCRIPTION. Please add one, modifying Authors@R: person(given = "Srihari", family = "Jaganathan", role = c("aut", "cre"), email = "sriharitn@gmail.com") as necessary. Flavors: r-devel-linux-x86_64-debian-clang, r-devel-linux-x86_64-debian-gcc