Last updated on 2024-09-08 09:48:19 CEST.
Flavor | Version | Tinstall | Tcheck | Ttotal | Status | Flags |
---|---|---|---|---|---|---|
r-devel-linux-x86_64-debian-clang | 1.2 | 8.06 | 64.99 | 73.05 | OK | |
r-devel-linux-x86_64-debian-gcc | 1.2 | 6.30 | 48.46 | 54.76 | OK | |
r-devel-linux-x86_64-fedora-clang | 1.2 | 115.82 | NOTE | |||
r-devel-linux-x86_64-fedora-gcc | 1.2 | 110.10 | NOTE | |||
r-devel-windows-x86_64 | 1.2 | 10.00 | 89.00 | 99.00 | OK | |
r-patched-linux-x86_64 | 1.2 | 8.29 | 62.53 | 70.82 | OK | |
r-release-linux-x86_64 | 1.2 | 6.40 | 62.70 | 69.10 | OK | |
r-release-macos-arm64 | 1.2 | 36.00 | OK | |||
r-release-macos-x86_64 | 1.2 | 52.00 | OK | |||
r-release-windows-x86_64 | 1.2 | 9.00 | 86.00 | 95.00 | OK | |
r-oldrel-macos-arm64 | 1.2 | 39.00 | OK | |||
r-oldrel-macos-x86_64 | 1.2 | 62.00 | OK | |||
r-oldrel-windows-x86_64 | 1.2 | 12.00 | 96.00 | 108.00 | OK |
Version: 1.2
Check: data for non-ASCII characters
Result: NOTE
Note: found 120 marked UTF-8 strings
Flavors: r-devel-linux-x86_64-fedora-clang, r-devel-linux-x86_64-fedora-gcc