Last updated on 2025-10-31 08:50:14 CET.
| Flavor | Version | Tinstall | Tcheck | Ttotal | Status | Flags | 
|---|---|---|---|---|---|---|
| r-devel-linux-x86_64-debian-clang | 0.6 | 1.66 | 18.37 | 20.03 | NOTE | |
| r-devel-linux-x86_64-debian-gcc | 0.6 | 1.30 | 15.45 | 16.75 | NOTE | |
| r-devel-linux-x86_64-fedora-clang | 0.6 | 29.46 | NOTE | |||
| r-devel-linux-x86_64-fedora-gcc | 0.6 | 28.09 | NOTE | |||
| r-devel-windows-x86_64 | 0.6 | 2.00 | 34.00 | 36.00 | NOTE | |
| r-patched-linux-x86_64 | 0.6 | 1.63 | 17.53 | 19.16 | NOTE | |
| r-release-linux-x86_64 | 0.6 | 1.54 | 17.46 | 19.00 | NOTE | |
| r-release-macos-arm64 | 0.6 | 1.00 | 13.00 | 14.00 | NOTE | |
| r-release-macos-x86_64 | 0.6 | 1.00 | 22.00 | 23.00 | NOTE | |
| r-release-windows-x86_64 | 0.6 | 3.00 | 39.00 | 42.00 | NOTE | |
| r-oldrel-macos-arm64 | 0.6 | 1.00 | 18.00 | 19.00 | NOTE | |
| r-oldrel-macos-x86_64 | 0.6 | 1.00 | 19.00 | 20.00 | NOTE | |
| r-oldrel-windows-x86_64 | 0.6 | 3.00 | 36.00 | 39.00 | NOTE | 
Version: 0.6
Check: CRAN incoming feasibility
Result: NOTE
  Maintainer: ‘Peter Danenberg <pcd@roxygen.org>’
  
  No Authors@R field in DESCRIPTION.
  Please add one, modifying
    Authors@R: person(given = "Peter",
                      family = "Danenberg",
                      role = c("aut", "cre"),
                      email = "pcd@roxygen.org")
  as necessary.
Flavors: r-devel-linux-x86_64-debian-clang, r-devel-linux-x86_64-debian-gcc
Version: 0.6
Check: DESCRIPTION meta-information
Result: NOTE
  Malformed Description field: should contain one or more complete sentences.
Flavors: r-devel-linux-x86_64-debian-clang, r-devel-linux-x86_64-debian-gcc, r-devel-linux-x86_64-fedora-clang, r-devel-linux-x86_64-fedora-gcc, r-devel-windows-x86_64, r-patched-linux-x86_64, r-release-linux-x86_64, r-release-macos-arm64, r-release-macos-x86_64, r-release-windows-x86_64, r-oldrel-macos-arm64, r-oldrel-macos-x86_64, r-oldrel-windows-x86_64