Last updated on 2024-08-05 09:48:07 CEST.
Flavor | Version | Tinstall | Tcheck | Ttotal | Status | Flags |
---|---|---|---|---|---|---|
r-devel-linux-x86_64-debian-clang | 0.3.2 | 2.17 | 24.87 | 27.04 | NOTE | |
r-devel-linux-x86_64-debian-gcc | 0.3.2 | 1.42 | 15.85 | 17.27 | NOTE | |
r-devel-linux-x86_64-fedora-clang | 0.3.2 | 34.15 | NOTE | |||
r-devel-linux-x86_64-fedora-gcc | 0.3.2 | 32.51 | NOTE | |||
r-devel-windows-x86_64 | 0.3.2 | 2.00 | 47.00 | 49.00 | NOTE | |
r-patched-linux-x86_64 | 0.3.2 | 1.84 | 19.05 | 20.89 | NOTE | |
r-release-linux-x86_64 | 0.3.2 | 1.67 | 24.45 | 26.12 | NOTE | |
r-release-macos-arm64 | 0.3.2 | 16.00 | NOTE | |||
r-release-macos-x86_64 | 0.3.2 | 24.00 | NOTE | |||
r-release-windows-x86_64 | 0.3.2 | 3.00 | 47.00 | 50.00 | NOTE | |
r-oldrel-macos-arm64 | 0.3.2 | 17.00 | NOTE | |||
r-oldrel-macos-x86_64 | 0.3.2 | 21.00 | NOTE | |||
r-oldrel-windows-x86_64 | 0.3.2 | 3.00 | 45.00 | 48.00 | NOTE |
Version: 0.3.2
Check: LazyData
Result: NOTE
'LazyData' is specified without a 'data' directory
Flavors: r-devel-linux-x86_64-debian-clang, r-devel-linux-x86_64-debian-gcc, r-devel-linux-x86_64-fedora-clang, r-devel-linux-x86_64-fedora-gcc, r-devel-windows-x86_64, r-patched-linux-x86_64, r-release-linux-x86_64, r-release-macos-arm64, r-release-macos-x86_64, r-release-windows-x86_64, r-oldrel-macos-arm64, r-oldrel-macos-x86_64, r-oldrel-windows-x86_64