Last updated on 2024-09-06 09:49:20 CEST.
Flavor | Version | Tinstall | Tcheck | Ttotal | Status | Flags |
---|---|---|---|---|---|---|
r-devel-linux-x86_64-debian-clang | 1.6.4 | 45.42 | 299.71 | 345.13 | NOTE | |
r-devel-linux-x86_64-debian-gcc | 1.6.4 | 28.98 | 191.25 | 220.23 | NOTE | |
r-devel-linux-x86_64-fedora-clang | 1.6.4 | 550.64 | OK | |||
r-devel-linux-x86_64-fedora-gcc | 1.6.4 | 535.18 | OK | |||
r-devel-windows-x86_64 | 1.6.4 | 40.00 | 246.00 | 286.00 | NOTE | |
r-patched-linux-x86_64 | 1.6.4 | 44.52 | 279.06 | 323.58 | OK | |
r-release-linux-x86_64 | 1.6.4 | 40.32 | 280.96 | 321.28 | OK | |
r-release-macos-arm64 | 1.6.4 | 117.00 | OK | |||
r-release-macos-x86_64 | 1.6.4 | 200.00 | OK | |||
r-release-windows-x86_64 | 1.6.4 | 40.00 | 246.00 | 286.00 | OK | |
r-oldrel-macos-arm64 | 1.6.4 | 115.00 | OK | |||
r-oldrel-macos-x86_64 | 1.6.4 | 384.00 | OK | |||
r-oldrel-windows-x86_64 | 1.6.4 | 54.00 | 309.00 | 363.00 | OK |
Version: 1.6.4
Check: Rd cross-references
Result: NOTE
Found the following Rd file(s) with Rd \link{} targets missing package
anchors:
Transition-classes.Rd: Raster-class
Please provide package anchors for all Rd \link{} targets not in the
package itself and the base packages.
Flavors: r-devel-linux-x86_64-debian-clang, r-devel-linux-x86_64-debian-gcc, r-devel-windows-x86_64