Last updated on 2024-08-05 09:48:07 CEST.
Flavor | Version | Tinstall | Tcheck | Ttotal | Status | Flags |
---|---|---|---|---|---|---|
r-devel-linux-x86_64-debian-clang | 0.2.1 | 47.56 | 98.17 | 145.73 | OK | |
r-devel-linux-x86_64-debian-gcc | 0.2.1 | 30.46 | 56.97 | 87.43 | OK | |
r-devel-linux-x86_64-fedora-clang | 0.2.1 | 196.58 | OK | |||
r-devel-linux-x86_64-fedora-gcc | 0.2.1 | 196.16 | OK | |||
r-devel-windows-x86_64 | 0.2.1 | 44.00 | 105.00 | 149.00 | OK | |
r-patched-linux-x86_64 | 0.2.1 | 40.36 | 74.82 | 115.18 | OK | |
r-release-linux-x86_64 | 0.2.1 | 49.97 | 97.12 | 147.09 | OK | |
r-release-macos-arm64 | 0.2.1 | 52.00 | NOTE | |||
r-release-macos-x86_64 | 0.2.1 | 149.00 | NOTE | |||
r-release-windows-x86_64 | 0.2.1 | 42.00 | 104.00 | 146.00 | OK | |
r-oldrel-macos-arm64 | 0.2.1 | 56.00 | NOTE | |||
r-oldrel-macos-x86_64 | 0.2.1 | 101.00 | NOTE | |||
r-oldrel-windows-x86_64 | 0.2.1 | 43.00 | 135.00 | 178.00 | OK |
Version: 0.2.1
Check: installed package size
Result: NOTE
installed size is 18.0Mb
sub-directories of 1Mb or more:
libs 17.5Mb
Flavors: r-release-macos-arm64, r-release-macos-x86_64, r-oldrel-macos-arm64, r-oldrel-macos-x86_64