CRAN Package Check Results for Package gen5helper

Last updated on 2025-11-20 09:48:29 CET.

Flavor Version Tinstall Tcheck Ttotal Status Flags
r-devel-linux-x86_64-debian-clang 1.0.1 4.62 41.00 45.62 OK
r-devel-linux-x86_64-debian-gcc 1.0.1 3.60 31.10 34.70 OK
r-devel-linux-x86_64-fedora-clang 1.0.1 13.00 55.83 68.83 NOTE
r-devel-linux-x86_64-fedora-gcc 1.0.1 62.80 NOTE
r-devel-windows-x86_64 1.0.1 9.00 55.00 64.00 OK
r-patched-linux-x86_64 1.0.1 4.60 36.43 41.03 OK
r-release-linux-x86_64 1.0.1 4.59 36.80 41.39 OK
r-release-macos-arm64 1.0.1 OK
r-release-macos-x86_64 1.0.1 4.00 36.00 40.00 OK
r-release-windows-x86_64 1.0.1 7.00 54.00 61.00 OK
r-oldrel-macos-arm64 1.0.1 NOTE
r-oldrel-macos-x86_64 1.0.1 5.00 35.00 40.00 NOTE
r-oldrel-windows-x86_64 1.0.1 8.00 65.00 73.00 NOTE

Additional issues

donttest

Check Details

Version: 1.0.1
Check: dependencies in R code
Result: NOTE Namespaces in Imports field not imported from: ‘ggplot2’ ‘pracma’ ‘rlang’ All declared Imports should be used. Flavors: r-devel-linux-x86_64-fedora-clang, r-devel-linux-x86_64-fedora-gcc

Version: 1.0.1
Check: LazyData
Result: NOTE 'LazyData' is specified without a 'data' directory Flavors: r-oldrel-macos-arm64, r-oldrel-macos-x86_64, r-oldrel-windows-x86_64