CRAN Package Check Results for Package generator

Last updated on 2025-11-15 09:48:47 CET.

Flavor Version Tinstall Tcheck Ttotal Status Flags
r-devel-linux-x86_64-debian-clang 0.1.0 1.69 22.08 23.77 OK
r-devel-linux-x86_64-debian-gcc 0.1.0 1.34 18.49 19.83 OK
r-devel-linux-x86_64-fedora-clang 0.1.0 35.15 OK
r-devel-linux-x86_64-fedora-gcc 0.1.0 31.38 OK
r-devel-windows-x86_64 0.1.0 4.00 40.00 44.00 OK
r-patched-linux-x86_64 0.1.0 1.62 19.77 21.39 OK
r-release-linux-x86_64 0.1.0 1.68 19.55 21.23 OK
r-release-macos-arm64 0.1.0 1.00 16.00 17.00 OK
r-release-macos-x86_64 0.1.0 2.00 22.00 24.00 OK
r-release-windows-x86_64 0.1.0 3.00 39.00 42.00 OK
r-oldrel-macos-arm64 0.1.0 1.00 13.00 14.00 NOTE
r-oldrel-macos-x86_64 0.1.0 2.00 20.00 22.00 NOTE
r-oldrel-windows-x86_64 0.1.0 4.00 44.00 48.00 NOTE

Check Details

Version: 0.1.0
Check: LazyData
Result: NOTE 'LazyData' is specified without a 'data' directory Flavors: r-oldrel-macos-arm64, r-oldrel-macos-x86_64, r-oldrel-windows-x86_64