Last updated on 2025-11-11 09:50:11 CET.
| Flavor | Version | Tinstall | Tcheck | Ttotal | Status | Flags |
|---|---|---|---|---|---|---|
| r-devel-linux-x86_64-debian-clang | 0.2.1 | 89.21 | 71.22 | 160.43 | OK | |
| r-devel-linux-x86_64-debian-gcc | 0.2.1 | 64.42 | 50.63 | 115.05 | OK | |
| r-devel-linux-x86_64-fedora-clang | 0.2.1 | 283.00 | 22.95 | 305.95 | OK | |
| r-devel-linux-x86_64-fedora-gcc | 0.2.1 | 117.00 | 187.09 | 304.09 | OK | |
| r-devel-windows-x86_64 | 0.2.1 | 104.00 | 103.00 | 207.00 | OK | |
| r-patched-linux-x86_64 | 0.2.1 | 96.58 | 64.80 | 161.38 | OK | |
| r-release-linux-x86_64 | 0.2.1 | 93.29 | 65.00 | 158.29 | OK | |
| r-release-macos-arm64 | 0.2.1 | 34.00 | 58.00 | 92.00 | OK | |
| r-release-macos-x86_64 | 0.2.1 | 29.00 | 72.00 | 101.00 | OK | |
| r-release-windows-x86_64 | 0.2.1 | 108.00 | 96.00 | 204.00 | OK | |
| r-oldrel-macos-arm64 | 0.2.1 | 33.00 | 45.00 | 78.00 | NOTE | |
| r-oldrel-macos-x86_64 | 0.2.1 | 32.00 | 70.00 | 102.00 | NOTE | |
| r-oldrel-windows-x86_64 | 0.2.1 | 124.00 | 125.00 | 249.00 | OK |
Version: 0.2.1
Check: installed package size
Result: NOTE
installed size is 7.4Mb
sub-directories of 1Mb or more:
libs 6.1Mb
Flavors: r-oldrel-macos-arm64, r-oldrel-macos-x86_64