Last updated on 2025-05-13 09:53:26 CEST.
Flavor | Version | Tinstall | Tcheck | Ttotal | Status | Flags |
---|---|---|---|---|---|---|
r-devel-linux-x86_64-debian-clang | 0.38 | 12.99 | 101.13 | 114.12 | NOTE | |
r-devel-linux-x86_64-debian-gcc | 0.38 | 8.17 | 69.04 | 77.21 | NOTE | |
r-devel-linux-x86_64-fedora-clang | 0.38 | 181.69 | OK | |||
r-devel-linux-x86_64-fedora-gcc | 0.38 | 203.82 | OK | |||
r-devel-windows-x86_64 | 0.38 | 13.00 | 145.00 | 158.00 | OK | |
r-patched-linux-x86_64 | 0.38 | 12.42 | 98.49 | 110.91 | OK | |
r-release-linux-x86_64 | 0.38 | 10.82 | 96.19 | 107.01 | OK | |
r-release-macos-arm64 | 0.38 | 84.00 | OK | |||
r-release-macos-x86_64 | 0.38 | 117.00 | OK | |||
r-release-windows-x86_64 | 0.38 | 14.00 | 145.00 | 159.00 | OK | |
r-oldrel-macos-arm64 | 0.38 | 58.00 | OK | |||
r-oldrel-macos-x86_64 | 0.38 | 158.00 | OK | |||
r-oldrel-windows-x86_64 | 0.38 | 20.00 | 161.00 | 181.00 | OK |
Version: 0.38
Check: CRAN incoming feasibility
Result: NOTE
Maintainer: ‘Genaro Sucarrat <genaro.sucarrat@bi.no>’
No Authors@R field in DESCRIPTION.
Please add one, modifying
Authors@R: c(person(given = "Genaro",
family = "Sucarrat",
role = c("aut", "cre"),
email = "genaro.sucarrat@bi.no"),
person(given = "Felix",
family = "Pretis",
role = "aut"),
person(given = "James",
family = "Reade",
role = "aut"),
person(given = "Jonas",
family = "Kurle",
role = "ctb"),
person(given = "Moritz",
family = "Schwarz",
role = "ctb"))
as necessary.
Flavors: r-devel-linux-x86_64-debian-clang, r-devel-linux-x86_64-debian-gcc