Last updated on 2024-08-05 09:48:07 CEST.
Flavor | Version | Tinstall | Tcheck | Ttotal | Status | Flags |
---|---|---|---|---|---|---|
r-devel-linux-x86_64-debian-clang | 0.4.2 | 90.31 | 168.37 | 258.68 | OK | |
r-devel-linux-x86_64-debian-gcc | 0.4.2 | 52.06 | 89.42 | 141.48 | OK | |
r-devel-linux-x86_64-fedora-clang | 0.4.2 | 337.25 | OK | |||
r-devel-linux-x86_64-fedora-gcc | 0.4.2 | 349.04 | OK | |||
r-devel-windows-x86_64 | 0.4.2 | 81.00 | 168.00 | 249.00 | OK | |
r-patched-linux-x86_64 | 0.4.2 | 70.61 | 124.59 | 195.20 | OK | |
r-release-linux-x86_64 | 0.4.2 | 88.89 | 169.31 | 258.20 | OK | |
r-release-macos-arm64 | 0.4.2 | 87.00 | NOTE | |||
r-release-macos-x86_64 | 0.4.2 | 134.00 | NOTE | |||
r-release-windows-x86_64 | 0.4.2 | 76.00 | 165.00 | 241.00 | OK | |
r-oldrel-macos-arm64 | 0.4.2 | 90.00 | NOTE | |||
r-oldrel-macos-x86_64 | 0.4.2 | 193.00 | NOTE | |||
r-oldrel-windows-x86_64 | 0.4.2 | 95.00 | 207.00 | 302.00 | OK |
Version: 0.4.2
Check: installed package size
Result: NOTE
installed size is 22.3Mb
sub-directories of 1Mb or more:
help 1.2Mb
libs 20.4Mb
Flavors: r-release-macos-arm64, r-release-macos-x86_64, r-oldrel-macos-arm64, r-oldrel-macos-x86_64