Last updated on 2025-10-22 09:50:34 CEST.
Flavor | Version | Tinstall | Tcheck | Ttotal | Status | Flags |
---|---|---|---|---|---|---|
r-devel-linux-x86_64-debian-clang | 1.2.1 | 9.40 | 176.61 | 186.01 | NOTE | |
r-devel-linux-x86_64-debian-gcc | 1.2.1 | 6.53 | 120.17 | 126.70 | NOTE | |
r-devel-linux-x86_64-fedora-clang | 1.2.1 | 28.00 | 241.55 | 269.55 | OK | |
r-devel-linux-x86_64-fedora-gcc | 1.2.1 | 20.00 | 252.51 | 272.51 | OK | |
r-devel-windows-x86_64 | 1.2.1 | 11.00 | 153.00 | 164.00 | OK | |
r-patched-linux-x86_64 | 1.2.1 | 9.15 | 166.23 | 175.38 | OK | |
r-release-linux-x86_64 | 1.2.1 | 7.73 | 166.90 | 174.63 | OK | |
r-release-macos-arm64 | 1.2.1 | 4.00 | 66.00 | 70.00 | OK | |
r-release-macos-x86_64 | 1.2.1 | 6.00 | 135.00 | 141.00 | OK | |
r-release-windows-x86_64 | 1.2.1 | 12.00 | 157.00 | 169.00 | OK | |
r-oldrel-macos-arm64 | 1.2.1 | 4.00 | 72.00 | 76.00 | OK | |
r-oldrel-macos-x86_64 | 1.2.1 | 7.00 | 151.00 | 158.00 | OK | |
r-oldrel-windows-x86_64 | 1.2.1 | 16.00 | 218.00 | 234.00 | OK |
Version: 1.2.1
Check: HTML version of manual
Result: NOTE
Found the following HTML validation problems:
ggpattern-defunct.html:85:1 (ggpattern-defunct.Rd:44): Warning: missing </ul> before </div>
Flavors: r-devel-linux-x86_64-debian-clang, r-devel-linux-x86_64-debian-gcc