Last updated on 2025-05-28 09:52:56 CEST.
Flavor | Version | Tinstall | Tcheck | Ttotal | Status | Flags |
---|---|---|---|---|---|---|
r-devel-linux-x86_64-debian-clang | 0.5.0 | 4.14 | 70.52 | 74.66 | NOTE | |
r-devel-linux-x86_64-debian-gcc | 0.5.0 | 2.98 | 53.78 | 56.76 | NOTE | |
r-devel-linux-x86_64-fedora-clang | 0.5.0 | 112.83 | OK | |||
r-devel-linux-x86_64-fedora-gcc | 0.5.0 | 120.58 | OK | |||
r-devel-windows-x86_64 | 0.5.0 | 4.00 | 114.00 | 118.00 | OK | |
r-patched-linux-x86_64 | 0.5.0 | 4.73 | 66.93 | 71.66 | OK | |
r-release-linux-x86_64 | 0.5.0 | 3.59 | 67.41 | 71.00 | OK | |
r-release-macos-arm64 | 0.5.0 | 58.00 | OK | |||
r-release-macos-x86_64 | 0.5.0 | 99.00 | OK | |||
r-release-windows-x86_64 | 0.5.0 | 5.00 | 111.00 | 116.00 | OK | |
r-oldrel-macos-arm64 | 0.5.0 | 63.00 | OK | |||
r-oldrel-macos-x86_64 | 0.5.0 | 129.00 | OK | |||
r-oldrel-windows-x86_64 | 0.5.0 | 5.00 | 0.00 | 5.00 | FAIL |
Version: 0.5.0
Check: DESCRIPTION meta-information
Result: NOTE
Author field differs from that derived from Authors@R
Author: ‘Thierry Onkelinx [aut, cre] (<https://orcid.org/0000-0001-8804-4216>, Research Institute for Nature and Forest (INBO)), Floris Vanderhaeghe [ctb] (<https://orcid.org/0000-0002-6378-6229>, Research Institute for Nature and Forest (INBO)), Peter Desmet [ctb] (<https://orcid.org/0000-0002-8442-8025>, Research Institute for Nature and Forest (INBO)), Els Lommelen [ctb] (<https://orcid.org/0000-0002-3481-5684>, Research Institute for Nature and Forest (INBO)), Research Institute for Nature and Forest (INBO) [cph, fnd]’
Authors@R: ‘Thierry Onkelinx [aut, cre] (ORCID: <https://orcid.org/0000-0001-8804-4216>, affiliation: Research Institute for Nature and Forest (INBO)), Floris Vanderhaeghe [ctb] (ORCID: <https://orcid.org/0000-0002-6378-6229>, affiliation: Research Institute for Nature and Forest (INBO)), Peter Desmet [ctb] (ORCID: <https://orcid.org/0000-0002-8442-8025>, affiliation: Research Institute for Nature and Forest (INBO)), Els Lommelen [ctb] (ORCID: <https://orcid.org/0000-0002-3481-5684>, affiliation: Research Institute for Nature and Forest (INBO)), Research Institute for Nature and Forest (INBO) [cph, fnd]’
Flavors: r-devel-linux-x86_64-debian-clang, r-devel-linux-x86_64-debian-gcc
Version: 0.5.0
Check: tests
Result: FAIL
Check process probably crashed or hung up for 20 minutes ... killed
Most likely this happened in the example checks (?),
if not, ignore the following last lines of example output:
"iris2.csv"
4f86db2012b3267f1a50131945158aead6d918ec
"iris2.yml"
> status(repo)
Untracked files:
Untracked: iris2.csv
Untracked: iris2.yml
Staged changes:
New: iris.tsv
New: iris.yml
>
>
>
> ### * <FOOTER>
> ###
> cleanEx()
> options(digits = 7L)
> base::cat("Time elapsed: ", proc.time() - base::get("ptime", pos = 'CheckExEnv'),"\n")
Time elapsed: 1.89 1.17 5.36 NA NA
> grDevices::dev.off()
null device
1
> ###
> ### Local variables: ***
> ### mode: outline-minor ***
> ### outline-regexp: "\\(> \\)?### [*]+" ***
> ### End: ***
> quit('no')
======== End of example output (where/before crash/hang up occured ?) ========
Flavor: r-oldrel-windows-x86_64