CRAN Package Check Results for Package gitlink

Last updated on 2025-10-22 09:50:34 CEST.

Flavor Version Tinstall Tcheck Ttotal Status Flags
r-devel-linux-x86_64-debian-clang 0.1.3 1.99 27.97 29.96 OK
r-devel-linux-x86_64-debian-gcc 0.1.3 1.72 22.62 24.34 OK
r-devel-linux-x86_64-fedora-clang 0.1.3 43.66 OK
r-devel-linux-x86_64-fedora-gcc 0.1.3 39.83 OK
r-devel-windows-x86_64 0.1.3 3.00 46.00 49.00 OK
r-patched-linux-x86_64 0.1.3 2.23 25.59 27.82 OK
r-release-linux-x86_64 0.1.3 2.11 25.56 27.67 OK
r-release-macos-arm64 0.1.3 2.00 19.00 21.00 OK
r-release-macos-x86_64 0.1.3 2.00 27.00 29.00 OK
r-release-windows-x86_64 0.1.3 4.00 47.00 51.00 OK
r-oldrel-macos-arm64 0.1.3 1.00 18.00 19.00 NOTE
r-oldrel-macos-x86_64 0.1.3 2.00 25.00 27.00 NOTE
r-oldrel-windows-x86_64 0.1.3 4.00 53.00 57.00 NOTE

Check Details

Version: 0.1.3
Check: LazyData
Result: NOTE 'LazyData' is specified without a 'data' directory Flavors: r-oldrel-macos-arm64, r-oldrel-macos-x86_64, r-oldrel-windows-x86_64