CRAN Package Check Results for Package glmmrBase

Last updated on 2025-10-21 09:48:34 CEST.

Flavor Version Tinstall Tcheck Ttotal Status Flags
r-devel-linux-x86_64-debian-clang 1.1.0 404.55 158.69 563.24 OK
r-devel-linux-x86_64-debian-gcc 1.1.0 368.36 135.45 503.81 NOTE
r-devel-linux-x86_64-fedora-clang 1.1.0 828.57 OK
r-devel-linux-x86_64-fedora-gcc 1.1.0 1075.75 OK
r-devel-windows-x86_64 1.1.0 376.00 208.00 584.00 OK
r-patched-linux-x86_64 1.1.0 478.32 180.35 658.67 OK
r-release-linux-x86_64 1.1.0 472.47 180.30 652.77 OK
r-release-macos-arm64 1.1.0 204.00 OK
r-release-macos-x86_64 1.1.0 604.00 OK
r-release-windows-x86_64 1.1.0 379.00 218.00 597.00 OK
r-oldrel-macos-arm64 1.1.0 210.00 NOTE
r-oldrel-macos-x86_64 1.1.0 510.00 NOTE
r-oldrel-windows-x86_64 1.1.0 446.00 266.00 712.00 NOTE

Check Details

Version: 1.1.0
Check: HTML version of manual
Result: NOTE Found the following HTML validation problems: Covariance.html:186:1 (Covariance.Rd:149): Warning: <h5> anchor "Usage" already defined Covariance.html:210:1 (Covariance.Rd:165): Warning: <h5> anchor "Returns" already defined Covariance.html:242:1 (Covariance.Rd:188): Warning: <h5> anchor "Usage" already defined Covariance.html:248:1 (Covariance.Rd:192): Warning: <h5> anchor "Arguments" already defined Covariance.html:271:1 (Covariance.Rd:205): Warning: <h5> anchor "Usage" already defined Covariance.html:277:1 (Covariance.Rd:209): Warning: <h5> anchor "Arguments" already defined Covariance.html:290:1 (Covariance.Rd:216): Warning: <h5> anchor "Examples" already defined Covariance.html:315:1 (Covariance.Rd:236): Warning: <h5> anchor "Usage" already defined Covariance.html:321:1 (Covariance.Rd:240): Warning: <h5> anchor "Arguments" already defined Covariance.html:334:1 (Covariance.Rd:247): Warning: <h5> anchor "Examples" already defined Covariance.html:360:1 (Covariance.Rd:268): Warning: <h5> anchor "Usage" already defined Covariance.html:366:1 (Covariance.Rd:272): Warning: <h5> anchor "Returns" already defined Covariance.html:384:1 (Covariance.Rd:282): Warning: <h5> anchor "Usage" already defined Covariance.html:390:1 (Covariance.Rd:286): Warning: <h5> anchor "Arguments" already defined Covariance.html:403:1 (Covariance.Rd:293): Warning: <h5> anchor "Returns" already defined Covariance.html:421:1 (Covariance.Rd:303): Warning: <h5> anchor "Usage" already defined Covariance.html:427:1 (Covariance.Rd:307): Warning: <h5> anchor "Returns" already defined Covariance.html:444:1 (Covariance.Rd:316): Warning: <h5> anchor "Usage" already defined Covariance.html:450:1 (Covariance.Rd:320): Warning: <h5> anchor "Arguments" already defined Covariance.html:466:1 (Covariance.Rd:330): Warning: <h5> anchor "Returns" already defined Covariance.html:484:1 (Covariance.Rd:340): Warning: <h5> anchor "Usage" already defined Covariance.html:490:1 (Covariance.Rd:344): Warning: <h5> anchor "Returns" already defined Covariance.html:507:1 (Covariance.Rd:353): Warning: <h5> anchor "Usage" already defined Covariance.html:513:1 (Covariance.Rd:357): Warning: <h5> anchor "Arguments" already defined Covariance.html:527:1 (Covariance.Rd:365): Warning: <h5> anchor "Returns" already defined Covariance.html:546:1 (Covariance.Rd:376): Warning: <h5> anchor "Usage" already defined Covariance.html:552:1 (Covariance.Rd:380): Warning: <h5> anchor "Arguments" already defined Covariance.html:569:1 (Covariance.Rd:391): Warning: <h5> anchor "Returns" already defined Covariance.html:588:1 (Covariance.Rd:402): Warning: <h5> anchor "Usage" already defined Covariance.html:594:1 (Covariance.Rd:406): Warning: <h5> anchor "Arguments" already defined MeanFunction.html:186:1 (MeanFunction.Rd:178): Warning: <h5> anchor "Usage" already defined MeanFunction.html:198:1 (MeanFunction.Rd:188): Warning: <h5> anchor "Arguments" already defined MeanFunction.html:220:1 (MeanFunction.Rd:204): Warning: <h5> anchor "Returns" already defined MeanFunction.html:227:1 (MeanFunction.Rd:207): Warning: <h5> anchor "Examples" already defined MeanFunction.html:255:1 (MeanFunction.Rd:230): Warning: <h5> anchor "Usage" already defined MeanFunction.html:261:1 (MeanFunction.Rd:234): Warning: <h5> anchor "Arguments" already defined MeanFunction.html:284:1 (MeanFunction.Rd:247): Warning: <h5> anchor "Usage" already defined MeanFunction.html:290:1 (MeanFunction.Rd:251): Warning: <h5> anchor "Arguments" already defined MeanFunction.html:315:1 (MeanFunction.Rd:266): Warning: <h5> anchor "Usage" already defined MeanFunction.html:321:1 (MeanFunction.Rd:270): Warning: <h5> anchor "Arguments" already defined MeanFunction.html:335:1 (MeanFunction.Rd:278): Warning: <h5> anchor "Examples" already defined MeanFunction.html:368:1 (MeanFunction.Rd:306): Warning: <h5> anchor "Usage" already defined MeanFunction.html:374:1 (MeanFunction.Rd:310): Warning: <h5> anchor "Arguments" already defined MeanFunction.html:387:1 (MeanFunction.Rd:317): Warning: <h5> anchor "Returns" already defined MeanFunction.html:394:1 (MeanFunction.Rd:320): Warning: <h5> anchor "Examples" already defined MeanFunction.html:425:1 (MeanFunction.Rd:346): Warning: <h5> anchor "Usage" already defined MeanFunction.html:431:1 (MeanFunction.Rd:350): Warning: <h5> anchor "Returns" already defined MeanFunction.html:449:1 (MeanFunction.Rd:360): Warning: <h5> anchor "Usage" already defined MeanFunction.html:455:1 (MeanFunction.Rd:364): Warning: <h5> anchor "Returns" already defined MeanFunction.html:472:1 (MeanFunction.Rd:373): Warning: <h5> anchor "Usage" already defined MeanFunction.html:478:1 (MeanFunction.Rd:377): Warning: <h5> anchor "Arguments" already defined Model.html:340:1 (Model.Rd:439): Warning: <h5> anchor "Usage" already defined Model.html:346:1 (Model.Rd:443): Warning: <h5> anchor "Arguments" already defined Model.html:369:1 (Model.Rd:460): Warning: <h5> anchor "Returns" already defined Model.html:391:1 (Model.Rd:474): Warning: <h5> anchor "Usage" already defined Model.html:397:1 (Model.Rd:478): Warning: <h5> anchor "Arguments" already defined Model.html:412:1 (Model.Rd:487): Warning: <h5> anchor "Returns" already defined Model.html:436:1 (Model.Rd:503): Warning: <h5> anchor "Usage" already defined Model.html:442:1 (Model.Rd:507): Warning: <h5> anchor "Arguments" already defined Model.html:459:1 (Model.Rd:518): Warning: <h5> anchor "Returns" already defined Model.html:478:1 (Model.Rd:529): Warning: <h5> anchor "Usage" already defined Model.html:495:1 (Model.Rd:544): Warning: <h5> anchor "Arguments" already defined Model.html:538:1 (Model.Rd:581): Warning: <h5> anchor "Returns" already defined Model.html:616:1 (Model.Rd:650): Warning: <h5> anchor "Usage" already defined Model.html:622:1 (Model.Rd:654): Warning: <h5> anchor "Arguments" already defined Model.html:645:1 (Model.Rd:667): Warning: <h5> anchor "Usage" already defined Model.html:651:1 (Model.Rd:671): Warning: <h5> anchor "Arguments" already defined Model.html:677:1 (Model.Rd:687): Warning: <h5> anchor "Usage" already defined Model.html:683:1 (Model.Rd:691): Warning: <h5> anchor "Arguments" already defined Model.html:696:1 (Model.Rd:698): Warning: <h5> anchor "Returns" already defined Model.html:716:1 (Model.Rd:710): Warning: <h5> anchor "Usage" already defined Model.html:722:1 (Model.Rd:714): Warning: <h5> anchor "Arguments" already defined Model.html:738:1 (Model.Rd:724): Warning: <h5> anchor "Returns" already defined Model.html:745:1 (Model.Rd:727): Warning: <h5> anchor "Examples" already defined Model.html:777:1 (Model.Rd:754): Warning: <h5> anchor "Usage" already defined Model.html:783:1 (Model.Rd:758): Warning: <h5> anchor "Arguments" already defined Model.html:800:1 (Model.Rd:769): Warning: <h5> anchor "Examples" already defined Model.html:833:1 (Model.Rd:797): Warning: <h5> anchor "Usage" already defined Model.html:839:1 (Model.Rd:801): Warning: <h5> anchor "Arguments" already defined Model.html:858:1 (Model.Rd:814): Warning: <h5> anchor "Returns" already defined Model.html:875:1 (Model.Rd:823): Warning: <h5> anchor "Usage" already defined Model.html:881:1 (Model.Rd:827): Warning: <h5> anchor "Returns" already defined Model.html:904:1 (Model.Rd:842): Warning: <h5> anchor "Usage" already defined Model.html:910:1 (Model.Rd:846): Warning: <h5> anchor "Arguments" already defined Model.html:925:1 (Model.Rd:855): Warning: <h5> anchor "Returns" already defined Model.html:943:1 (Model.Rd:865): Warning: <h5> anchor "Usage" already defined Model.html:949:1 (Model.Rd:869): Warning: <h5> anchor "Arguments" already defined Model.html:963:1 (Model.Rd:877): Warning: <h5> anchor "Returns" already defined Model.html:987:1 (Model.Rd:892): Warning: <h5> anchor "Usage" already defined Model.html:993:1 (Model.Rd:896): Warning: <h5> anchor "Arguments" already defined Model.html:1012:1 (Model.Rd:909): Warning: <h5> anchor "Returns" already defined Model.html:1020:1 (Model.Rd:913): Warning: <h5> anchor "Examples" already defined Model.html:1053:1 (Model.Rd:941): Warning: <h5> anchor "Usage" already defined Model.html:1059:1 (Model.Rd:945): Warning: <h5> anchor "Returns" already defined Model.html:1076:1 (Model.Rd:954): Warning: <h5> anchor "Usage" already defined Model.html:1082:1 (Model.Rd:958): Warning: <h5> anchor "Returns" already defined Model.html:1101:1 (Model.Rd:969): Warning: <h5> anchor "Usage" already defined Model.html:1107:1 (Model.Rd:973): Warning: <h5> anchor "Arguments" already defined Model.html:1120:1 (Model.Rd:980): Warning: <h5> anchor "Returns" already defined Model.html:1137:1 (Model.Rd:989): Warning: <h5> anchor "Usage" already defined Model.html:1167:1 (Model.Rd:1017): Warning: <h5> anchor "Arguments" already defined Model.html:1248:1 (Model.Rd:1092): Warning: <h5> anchor "Returns" already defined Model.html:1255:1 (Model.Rd:1095): Warning: <h5> anchor "Examples" already defined Model.html:1347:1 (Model.Rd:1182): Warning: <h5> anchor "Usage" already defined Model.html:1368:1 (Model.Rd:1201): Warning: <h5> anchor "Arguments" already defined Model.html:1415:1 (Model.Rd:1242): Warning: <h5> anchor "Returns" already defined Model.html:1422:1 (Model.Rd:1245): Warning: <h5> anchor "Examples" already defined Model.html:1459:1 (Model.Rd:1277): Warning: <h5> anchor "Usage" already defined Model.html:1465:1 (Model.Rd:1281): Warning: <h5> anchor "Arguments" already defined Model.html:1481:1 (Model.Rd:1291): Warning: <h5> anchor "Returns" already defined Model.html:1498:1 (Model.Rd:1300): Warning: <h5> anchor "Usage" already defined Model.html:1504:1 (Model.Rd:1304): Warning: <h5> anchor "Arguments" already defined Model.html:1522:1 (Model.Rd:1316): Warning: <h5> anchor "Returns" already defined Model.html:1542:1 (Model.Rd:1328): Warning: <h5> anchor "Usage" already defined Model.html:1548:1 (Model.Rd:1332): Warning: <h5> anchor "Arguments" already defined Model.html:1565:1 (Model.Rd:1343): Warning: <h5> anchor "Returns" already defined Model.html:1588:1 (Model.Rd:1358): Warning: <h5> anchor "Usage" already defined Model.html:1594:1 (Model.Rd:1362): Warning: <h5> anchor "Returns" already defined Model.html:1611:1 (Model.Rd:1371): Warning: <h5> anchor "Usage" already defined Model.html:1617:1 (Model.Rd:1375): Warning: <h5> anchor "Arguments" already defined Model.html:1633:1 (Model.Rd:1385): Warning: <h5> anchor "Returns" already defined Model.html:1653:1 (Model.Rd:1397): Warning: <h5> anchor "Usage" already defined Model.html:1659:1 (Model.Rd:1401): Warning: <h5> anchor "Arguments" already defined Model.html:1674:1 (Model.Rd:1410): Warning: <h5> anchor "Returns" already defined Model.html:1695:1 (Model.Rd:1423): Warning: <h5> anchor "Usage" already defined Model.html:1701:1 (Model.Rd:1427): Warning: <h5> anchor "Returns" already defined Model.html:1735:1 (Model.Rd:1453): Warning: <h5> anchor "Usage" already defined Model.html:1753:1 (Model.Rd:1469): Warning: <h5> anchor "Arguments" already defined Model.html:1789:1 (Model.Rd:1499): Warning: <h5> anchor "Returns" already defined Model.html:1809:1 (Model.Rd:1511): Warning: <h5> anchor "Usage" already defined Model.html:1815:1 (Model.Rd:1515): Warning: <h5> anchor "Arguments" already defined Model.html:1828:1 (Model.Rd:1522): Warning: <h5> anchor "Returns" already defined Model.html:1845:1 (Model.Rd:1531): Warning: <h5> anchor "Usage" already defined Model.html:1851:1 (Model.Rd:1535): Warning: <h5> anchor "Arguments" already defined Model.html:1864:1 (Model.Rd:1542): Warning: <h5> anchor "Returns" already defined Model.html:1881:1 (Model.Rd:1551): Warning: <h5> anchor "Usage" already defined Model.html:1887:1 (Model.Rd:1555): Warning: <h5> anchor "Arguments" already defined Flavor: r-devel-linux-x86_64-debian-gcc

Version: 1.1.0
Check: installed package size
Result: NOTE installed size is 153.8Mb sub-directories of 1Mb or more: libs 152.4Mb Flavors: r-oldrel-macos-arm64, r-oldrel-macos-x86_64, r-oldrel-windows-x86_64

Version: 1.1.0
Check: for GNU extensions in Makefiles
Result: NOTE GNU make is a SystemRequirements. Flavors: r-oldrel-macos-arm64, r-oldrel-macos-x86_64, r-oldrel-windows-x86_64