Last updated on 2024-08-05 09:48:08 CEST.
Flavor | Version | Tinstall | Tcheck | Ttotal | Status | Flags |
---|---|---|---|---|---|---|
r-devel-linux-x86_64-debian-clang | 0.4.0 | 9.11 | 87.52 | 96.63 | OK | |
r-devel-linux-x86_64-debian-gcc | 0.4.0 | 5.09 | 49.14 | 54.23 | OK | |
r-devel-linux-x86_64-fedora-clang | 0.4.0 | 126.49 | NOTE | |||
r-devel-linux-x86_64-fedora-gcc | 0.4.0 | 130.54 | OK | |||
r-devel-windows-x86_64 | 0.4.0 | 11.00 | 100.00 | 111.00 | OK | |
r-patched-linux-x86_64 | 0.4.0 | 7.24 | 64.56 | 71.80 | OK | |
r-release-linux-x86_64 | 0.4.0 | 9.06 | 82.24 | 91.30 | OK | |
r-release-macos-arm64 | 0.4.0 | 49.00 | OK | |||
r-release-macos-x86_64 | 0.4.0 | 70.00 | OK | |||
r-release-windows-x86_64 | 0.4.0 | 12.00 | 100.00 | 112.00 | OK | |
r-oldrel-macos-arm64 | 0.4.0 | 59.00 | OK | |||
r-oldrel-macos-x86_64 | 0.4.0 | 111.00 | OK | |||
r-oldrel-windows-x86_64 | 0.4.0 | 12.00 | 105.00 | 117.00 | OK |
Version: 0.4.0
Check: package dependencies
Result: NOTE
Imports includes 24 non-default packages.
Importing from so many packages makes the package vulnerable to any of
them becoming unavailable. Move as many as possible to Suggests and
use conditionally.
Flavor: r-devel-linux-x86_64-fedora-clang