Last updated on 2025-10-26 08:48:48 CET.
| Flavor | Version | Tinstall | Tcheck | Ttotal | Status | Flags |
|---|---|---|---|---|---|---|
| r-devel-linux-x86_64-debian-clang | 1.3 | 5.42 | 53.23 | 58.65 | NOTE | |
| r-devel-linux-x86_64-debian-gcc | 1.3 | 3.57 | 39.29 | 42.86 | NOTE | |
| r-devel-linux-x86_64-fedora-clang | 1.3 | 17.00 | 71.35 | 88.35 | OK | |
| r-devel-linux-x86_64-fedora-gcc | 1.3 | 11.00 | 73.55 | 84.55 | OK | |
| r-devel-windows-x86_64 | 1.3 | 7.00 | 68.00 | 75.00 | OK | |
| r-patched-linux-x86_64 | 1.3 | 3.99 | 50.21 | 54.20 | OK | |
| r-release-linux-x86_64 | 1.3 | 5.43 | 50.50 | 55.93 | OK | |
| r-release-macos-arm64 | 1.3 | 7.00 | 28.00 | 35.00 | OK | |
| r-release-macos-x86_64 | 1.3 | 5.00 | 61.00 | 66.00 | OK | |
| r-release-windows-x86_64 | 1.3 | 7.00 | 69.00 | 76.00 | OK | |
| r-oldrel-macos-arm64 | 1.3 | 2.00 | 26.00 | 28.00 | OK | |
| r-oldrel-macos-x86_64 | 1.3 | 4.00 | 37.00 | 41.00 | OK | |
| r-oldrel-windows-x86_64 | 1.3 | 9.00 | 81.00 | 90.00 | OK |
Version: 1.3
Check: CRAN incoming feasibility
Result: NOTE
Maintainer: ‘Tabea Rebafka <tabea.rebafka@sorbonne-universite.fr>’
The Description field contains
algorithm" by T. Rebafka (2022) <arXiv:2211.02314>.
Please refer to arXiv e-prints via their arXiv DOI <doi:10.48550/arXiv.YYMM.NNNNN>.
Flavors: r-devel-linux-x86_64-debian-clang, r-devel-linux-x86_64-debian-gcc