Last updated on 2025-11-13 09:50:48 CET.
| Flavor | Version | Tinstall | Tcheck | Ttotal | Status | Flags |
|---|---|---|---|---|---|---|
| r-devel-linux-x86_64-debian-clang | 1.1 | 212.24 | 42.86 | 255.10 | OK | |
| r-devel-linux-x86_64-debian-gcc | 1.1 | 116.87 | 26.10 | 142.97 | OK | |
| r-devel-linux-x86_64-fedora-clang | 1.1 | 720.00 | -131.01 | 588.99 | OK | |
| r-devel-linux-x86_64-fedora-gcc | 1.1 | 337.00 | 60.73 | 397.73 | OK | |
| r-devel-windows-x86_64 | 1.1 | 246.00 | 70.00 | 316.00 | OK | |
| r-patched-linux-x86_64 | 1.1 | 195.99 | 31.00 | 226.99 | OK | |
| r-release-linux-x86_64 | 1.1 | 201.28 | 31.29 | 232.57 | OK | |
| r-release-macos-arm64 | 1.1 | 69.00 | 22.00 | 91.00 | OK | |
| r-release-macos-x86_64 | 1.1 | 52.00 | 30.00 | 82.00 | OK | |
| r-release-windows-x86_64 | 1.1 | 269.00 | 71.00 | 340.00 | OK | |
| r-oldrel-macos-arm64 | 1.1 | 64.00 | 18.00 | 82.00 | NOTE | |
| r-oldrel-macos-x86_64 | 1.1 | 73.00 | 32.00 | 105.00 | NOTE | |
| r-oldrel-windows-x86_64 | 1.1 | 290.00 | 83.00 | 373.00 | OK |
Version: 1.1
Check: installed package size
Result: NOTE
installed size is 5.9Mb
sub-directories of 1Mb or more:
libs 5.8Mb
Flavors: r-oldrel-macos-arm64, r-oldrel-macos-x86_64