Last updated on 2025-11-13 09:50:48 CET.
| Flavor | Version | Tinstall | Tcheck | Ttotal | Status | Flags |
|---|---|---|---|---|---|---|
| r-devel-linux-x86_64-debian-clang | 0.2 | 363.06 | 119.76 | 482.82 | OK | |
| r-devel-linux-x86_64-debian-gcc | 0.2 | 348.59 | 116.08 | 464.67 | OK | |
| r-devel-linux-x86_64-fedora-clang | 0.2 | 1740.00 | -931.65 | 808.35 | OK | |
| r-devel-linux-x86_64-fedora-gcc | 0.2 | 1020.00 | -12.90 | 1007.10 | OK | |
| r-devel-windows-x86_64 | 0.2 | 444.00 | 156.00 | 600.00 | OK | |
| r-patched-linux-x86_64 | 0.2 | 464.77 | 156.43 | 621.20 | OK | |
| r-release-linux-x86_64 | 0.2 | 454.93 | 155.93 | 610.86 | OK | |
| r-release-macos-arm64 | 0.2 | 146.00 | 41.00 | 187.00 | OK | |
| r-release-macos-x86_64 | 0.2 | 127.00 | 73.00 | 200.00 | OK | |
| r-release-windows-x86_64 | 0.2 | 418.00 | 155.00 | 573.00 | OK | |
| r-oldrel-macos-arm64 | 0.2 | 76.00 | 28.00 | 104.00 | NOTE | |
| r-oldrel-macos-x86_64 | 0.2 | 58.00 | 46.00 | 104.00 | NOTE | |
| r-oldrel-windows-x86_64 | 0.2 | 484.00 | 201.00 | 685.00 | NOTE |
Version: 0.2
Check: installed package size
Result: NOTE
installed size is 59.8Mb
sub-directories of 1Mb or more:
libs 59.6Mb
Flavors: r-oldrel-macos-arm64, r-oldrel-macos-x86_64
Version: 0.2
Check: for GNU extensions in Makefiles
Result: NOTE
GNU make is a SystemRequirements.
Flavors: r-oldrel-macos-arm64, r-oldrel-macos-x86_64, r-oldrel-windows-x86_64