CRAN Package Check Results for Package grpseq

Last updated on 2025-11-21 09:49:05 CET.

Flavor Version Tinstall Tcheck Ttotal Status Flags
r-devel-linux-x86_64-debian-clang 1.0 2.12 26.73 28.85 NOTE
r-devel-linux-x86_64-debian-gcc 1.0 1.80 21.97 23.77 NOTE
r-devel-linux-x86_64-fedora-clang 1.0 45.52 OK
r-devel-linux-x86_64-fedora-gcc 1.0 56.05 OK
r-devel-windows-x86_64 1.0 6.00 44.00 50.00 OK
r-patched-linux-x86_64 1.0 2.08 25.19 27.27 OK
r-release-linux-x86_64 1.0 1.78 25.28 27.06 OK
r-release-macos-arm64 1.0 OK
r-release-macos-x86_64 1.0 2.00 40.00 42.00 OK
r-release-windows-x86_64 1.0 4.00 44.00 48.00 OK
r-oldrel-macos-arm64 1.0 OK
r-oldrel-macos-x86_64 1.0 2.00 33.00 35.00 OK
r-oldrel-windows-x86_64 1.0 5.00 52.00 57.00 OK

Check Details

Version: 1.0
Check: CRAN incoming feasibility
Result: NOTE Maintainer: ‘Lu Mao <lmao@biostat.wisc.edu>’ No Authors@R field in DESCRIPTION. Please add one, modifying Authors@R: person(given = "Lu", family = "Mao", role = c("aut", "cre"), email = "lmao@biostat.wisc.edu") as necessary. Flavors: r-devel-linux-x86_64-debian-clang, r-devel-linux-x86_64-debian-gcc