Last updated on 2024-08-05 09:48:08 CEST.
Flavor | Version | Tinstall | Tcheck | Ttotal | Status | Flags |
---|---|---|---|---|---|---|
r-devel-linux-x86_64-debian-clang | 1.5.1 | 7.09 | 55.23 | 62.32 | OK | |
r-devel-linux-x86_64-debian-gcc | 1.5.1 | 4.61 | 34.22 | 38.83 | OK | |
r-devel-linux-x86_64-fedora-clang | 1.5.1 | 80.23 | NOTE | |||
r-devel-linux-x86_64-fedora-gcc | 1.5.1 | 75.42 | NOTE | |||
r-devel-windows-x86_64 | 1.5.1 | 10.00 | 60.00 | 70.00 | OK | |
r-patched-linux-x86_64 | 1.5.1 | 6.23 | 41.88 | 48.11 | OK | |
r-release-linux-x86_64 | 1.5.1 | 8.46 | 54.00 | 62.46 | OK | |
r-release-macos-arm64 | 1.5.1 | 29.00 | OK | |||
r-release-macos-x86_64 | 1.5.1 | 40.00 | OK | |||
r-release-windows-x86_64 | 1.5.1 | 11.00 | 68.00 | 79.00 | OK | |
r-oldrel-macos-arm64 | 1.5.1 | 30.00 | OK | |||
r-oldrel-macos-x86_64 | 1.5.1 | 43.00 | OK | |||
r-oldrel-windows-x86_64 | 1.5.1 | 10.00 | 66.00 | 76.00 | OK |
Version: 1.5.1
Check: data for non-ASCII characters
Result: NOTE
Note: found 269 marked UTF-8 strings
Flavors: r-devel-linux-x86_64-fedora-clang, r-devel-linux-x86_64-fedora-gcc