Last updated on 2025-10-24 09:50:05 CEST.
| Flavor | Version | Tinstall | Tcheck | Ttotal | Status | Flags |
|---|---|---|---|---|---|---|
| r-devel-linux-x86_64-debian-clang | 0.0.5 | 3.51 | 113.41 | 116.92 | NOTE | |
| r-devel-linux-x86_64-debian-gcc | 0.0.5 | 2.53 | 75.22 | 77.75 | NOTE | |
| r-devel-linux-x86_64-fedora-clang | 0.0.5 | 10.00 | 174.52 | 184.52 | OK | |
| r-devel-linux-x86_64-fedora-gcc | 0.0.5 | 186.24 | OK | |||
| r-devel-windows-x86_64 | 0.0.5 | 5.00 | 129.00 | 134.00 | OK | |
| r-patched-linux-x86_64 | 0.0.5 | 4.05 | 107.38 | 111.43 | OK | |
| r-release-linux-x86_64 | 0.0.5 | 2.61 | 108.47 | 111.08 | OK | |
| r-release-macos-arm64 | 0.0.5 | 2.00 | 67.00 | 69.00 | OK | |
| r-release-macos-x86_64 | 0.0.5 | 5.00 | 126.00 | 131.00 | OK | |
| r-release-windows-x86_64 | 0.0.5 | 6.00 | 131.00 | 137.00 | OK | |
| r-oldrel-macos-arm64 | 0.0.5 | 2.00 | 61.00 | 63.00 | OK | |
| r-oldrel-macos-x86_64 | 0.0.5 | 4.00 | 106.00 | 110.00 | OK | |
| r-oldrel-windows-x86_64 | 0.0.5 | 7.00 | 174.00 | 181.00 | OK |
Version: 0.0.5
Check: CRAN incoming feasibility
Result: NOTE
Maintainer: ‘Samuel Thomas <samthoma@iu.edu>’
The Description field contains
Monte Carlo" <arXiv:1701.02434>, Thomas, S., Tu, W. (2020) "Learning
Hamiltonian Monte Carlo in R" <arXiv:2006.16194>, Gelman, A., Carlin,
Please refer to arXiv e-prints via their arXiv DOI <doi:10.48550/arXiv.YYMM.NNNNN>.
Flavors: r-devel-linux-x86_64-debian-clang, r-devel-linux-x86_64-debian-gcc