Last updated on 2025-11-23 09:50:50 CET.
| Flavor | Version | Tinstall | Tcheck | Ttotal | Status | Flags |
|---|---|---|---|---|---|---|
| r-devel-linux-x86_64-debian-clang | 0.1.1 | 6.39 | 87.21 | 93.60 | NOTE | |
| r-devel-linux-x86_64-debian-gcc | 0.1.1 | 5.22 | 63.26 | 68.48 | NOTE | |
| r-devel-linux-x86_64-fedora-clang | 0.1.1 | 22.00 | 119.33 | 141.33 | OK | |
| r-devel-linux-x86_64-fedora-gcc | 0.1.1 | 16.00 | 136.50 | 152.50 | OK | |
| r-devel-windows-x86_64 | 0.1.1 | 8.00 | 97.00 | 105.00 | OK | |
| r-patched-linux-x86_64 | 0.1.1 | 6.39 | 81.62 | 88.01 | OK | |
| r-release-linux-x86_64 | 0.1.1 | 6.47 | 84.04 | 90.51 | OK | |
| r-release-macos-arm64 | 0.1.1 | OK | ||||
| r-release-macos-x86_64 | 0.1.1 | 5.00 | 106.00 | 111.00 | OK | |
| r-release-windows-x86_64 | 0.1.1 | 8.00 | 90.00 | 98.00 | OK | |
| r-oldrel-macos-arm64 | 0.1.1 | OK | ||||
| r-oldrel-macos-x86_64 | 0.1.1 | 5.00 | 86.00 | 91.00 | OK | |
| r-oldrel-windows-x86_64 | 0.1.1 | 10.00 | 116.00 | 126.00 | OK |
Version: 0.1.1
Check: CRAN incoming feasibility
Result: NOTE
Maintainer: ‘Daniel Antiporta <dantiporta@jhu.edu>’
No Authors@R field in DESCRIPTION.
Please add one, modifying
Authors@R: c(person(given = c("Daniel", "Antiporta;", "Matthew", "Matheson", "<mmathes4@jhu.edu>;", "Derek", "Ng", "<dng@jhu.edu>;", "Alvaro", "Munoz"),
family = "<amunoz@jhu.edu>",
role = "aut",
email = "amunoz@jhu.edu"),
person(given = "Daniel",
family = "Antiporta",
role = "cre",
email = "dantiporta@jhu.edu"))
as necessary.
Flavors: r-devel-linux-x86_64-debian-clang, r-devel-linux-x86_64-debian-gcc