Last updated on 2025-11-02 09:48:37 CET.
| Flavor | Version | Tinstall | Tcheck | Ttotal | Status | Flags |
|---|---|---|---|---|---|---|
| r-devel-linux-x86_64-debian-clang | 1.6.16 | 91.60 | 43.21 | 134.81 | OK | |
| r-devel-linux-x86_64-debian-gcc | 1.6.16 | 68.83 | 34.13 | 102.96 | OK | |
| r-devel-linux-x86_64-fedora-clang | 1.6.16 | 349.00 | -66.67 | 282.33 | OK | |
| r-devel-linux-x86_64-fedora-gcc | 1.6.16 | 720.00 | -448.93 | 271.07 | OK | |
| r-devel-windows-x86_64 | 1.6.16 | 172.00 | 78.00 | 250.00 | OK | |
| r-patched-linux-x86_64 | 1.6.16 | 98.19 | 40.47 | 138.66 | OK | |
| r-release-linux-x86_64 | 1.6.16 | 102.03 | 40.05 | 142.08 | OK | |
| r-release-macos-arm64 | 1.6.16 | 105.00 | 22.00 | 127.00 | OK | |
| r-release-macos-x86_64 | 1.6.16 | 106.00 | 36.00 | 142.00 | OK | |
| r-release-windows-x86_64 | 1.6.16 | 172.00 | 79.00 | 251.00 | OK | |
| r-oldrel-macos-arm64 | 1.6.16 | 110.00 | 30.00 | 140.00 | NOTE | |
| r-oldrel-macos-x86_64 | 1.6.16 | 109.00 | 40.00 | 149.00 | NOTE | |
| r-oldrel-windows-x86_64 | 1.6.16 | 208.00 | 101.00 | 309.00 | NOTE |
Version: 1.6.16
Check: installed package size
Result: NOTE
installed size is 9.7Mb
sub-directories of 1Mb or more:
libs 9.3Mb
Flavors: r-oldrel-macos-arm64, r-oldrel-macos-x86_64
Version: 1.6.16
Check: for GNU extensions in Makefiles
Result: NOTE
GNU make is a SystemRequirements.
Flavors: r-oldrel-macos-arm64, r-oldrel-macos-x86_64, r-oldrel-windows-x86_64