Last updated on 2025-05-13 09:53:28 CEST.
Flavor | Version | Tinstall | Tcheck | Ttotal | Status | Flags |
---|---|---|---|---|---|---|
r-devel-linux-x86_64-debian-clang | 1.4.6 | 12.42 | 119.20 | 131.62 | NOTE | |
r-devel-linux-x86_64-debian-gcc | 1.4.6 | 8.83 | 82.39 | 91.22 | NOTE | |
r-devel-linux-x86_64-fedora-clang | 1.4.6 | 198.07 | NOTE | |||
r-devel-linux-x86_64-fedora-gcc | 1.4.6 | 208.39 | NOTE | |||
r-devel-windows-x86_64 | 1.4.6 | 14.00 | 129.00 | 143.00 | NOTE | |
r-patched-linux-x86_64 | 1.4.6 | 12.73 | 107.87 | 120.60 | NOTE | |
r-release-linux-x86_64 | 1.4.6 | 11.67 | 109.17 | 120.84 | NOTE | |
r-release-macos-arm64 | 1.4.6 | 88.00 | NOTE | |||
r-release-macos-x86_64 | 1.4.6 | 120.00 | NOTE | |||
r-release-windows-x86_64 | 1.4.6 | 16.00 | 133.00 | 149.00 | NOTE | |
r-oldrel-macos-arm64 | 1.4.6 | 58.00 | NOTE | |||
r-oldrel-macos-x86_64 | 1.4.6 | 97.00 | NOTE | |||
r-oldrel-windows-x86_64 | 1.4.6 | 18.00 | 160.00 | 178.00 | NOTE |
Version: 1.4.6
Check: Rd files
Result: NOTE
checkRd: (-1) extractPeriod.Rd:57: Lost braces
57 | NOTE: all the dates in the datalist should follow the format in ?as.Date{base}.
| ^
Flavors: r-devel-linux-x86_64-debian-clang, r-devel-linux-x86_64-debian-gcc, r-devel-linux-x86_64-fedora-clang, r-devel-linux-x86_64-fedora-gcc, r-devel-windows-x86_64, r-patched-linux-x86_64, r-release-linux-x86_64, r-release-macos-arm64, r-release-macos-x86_64, r-release-windows-x86_64, r-oldrel-macos-arm64, r-oldrel-macos-x86_64, r-oldrel-windows-x86_64