Last updated on 2024-09-08 09:48:21 CEST.
Flavor | Version | Tinstall | Tcheck | Ttotal | Status | Flags |
---|---|---|---|---|---|---|
r-devel-linux-x86_64-debian-clang | 1.2.1 | 5.03 | 43.60 | 48.63 | NOTE | |
r-devel-linux-x86_64-debian-gcc | 1.2.1 | 3.91 | 36.84 | 40.75 | NOTE | |
r-devel-linux-x86_64-fedora-clang | 1.2.1 | 75.77 | OK | |||
r-devel-linux-x86_64-fedora-gcc | 1.2.1 | 71.36 | OK | |||
r-devel-windows-x86_64 | 1.2.1 | 9.00 | 73.00 | 82.00 | NOTE | |
r-patched-linux-x86_64 | 1.2.1 | 8.98 | 43.02 | 52.00 | OK | |
r-release-linux-x86_64 | 1.2.1 | 4.90 | 43.06 | 47.96 | OK | |
r-release-macos-arm64 | 1.2.1 | 26.00 | OK | |||
r-release-macos-x86_64 | 1.2.1 | 65.00 | OK | |||
r-release-windows-x86_64 | 1.2.1 | 7.00 | 65.00 | 72.00 | OK | |
r-oldrel-macos-arm64 | 1.2.1 | 30.00 | OK | |||
r-oldrel-macos-x86_64 | 1.2.1 | 53.00 | OK | |||
r-oldrel-windows-x86_64 | 1.2.1 | 9.00 | 73.00 | 82.00 | OK |
Version: 1.2.1
Check: Rd cross-references
Result: NOTE
Found the following Rd file(s) with Rd \link{} targets missing package
anchors:
hyper.fit.Rd: LaplaceApproximation, LaplacesDemon
Please provide package anchors for all Rd \link{} targets not in the
package itself and the base packages.
Flavors: r-devel-linux-x86_64-debian-clang, r-devel-linux-x86_64-debian-gcc, r-devel-windows-x86_64