Last updated on 2025-10-22 09:50:36 CEST.
Flavor | Version | Tinstall | Tcheck | Ttotal | Status | Flags |
---|---|---|---|---|---|---|
r-devel-linux-x86_64-debian-clang | 3.3.5 | 11.45 | 345.44 | 356.89 | OK | |
r-devel-linux-x86_64-debian-gcc | 3.3.5 | 7.66 | 226.72 | 234.38 | OK | |
r-devel-linux-x86_64-fedora-clang | 3.3.5 | 34.00 | 527.88 | 561.88 | OK | |
r-devel-linux-x86_64-fedora-gcc | 3.3.5 | 29.00 | 487.55 | 516.55 | OK | |
r-devel-windows-x86_64 | 3.3.5 | 14.00 | 324.00 | 338.00 | OK | |
r-patched-linux-x86_64 | 3.3.5 | 13.44 | 327.68 | 341.12 | OK | |
r-release-linux-x86_64 | 3.3.5 | 10.24 | 326.02 | 336.26 | OK | |
r-release-macos-arm64 | 3.3.5 | 6.00 | 134.00 | 140.00 | OK | |
r-release-macos-x86_64 | 3.3.5 | 16.00 | 405.00 | 421.00 | OK | |
r-release-windows-x86_64 | 3.3.5 | 15.00 | 320.00 | 335.00 | OK | |
r-oldrel-macos-arm64 | 3.3.5 | 5.00 | 141.00 | 146.00 | NOTE | |
r-oldrel-macos-x86_64 | 3.3.5 | 18.00 | 351.00 | 369.00 | NOTE | |
r-oldrel-windows-x86_64 | 3.3.5 | 20.00 | 425.00 | 445.00 | NOTE |
Version: 3.3.5
Check: installed package size
Result: NOTE
installed size is 10.3Mb
sub-directories of 1Mb or more:
doc 9.8Mb
Flavors: r-oldrel-macos-arm64, r-oldrel-macos-x86_64, r-oldrel-windows-x86_64