Last updated on 2024-06-29 09:48:59 CEST.
Flavor | Version | Tinstall | Tcheck | Ttotal | Status | Flags |
---|---|---|---|---|---|---|
r-devel-linux-x86_64-debian-clang | 1.4.2 | 3.17 | 57.48 | 60.65 | OK | |
r-devel-linux-x86_64-debian-gcc | 1.4.2 | 2.94 | 42.36 | 45.30 | OK | |
r-devel-linux-x86_64-fedora-clang | 1.4.2 | 75.36 | NOTE | |||
r-devel-linux-x86_64-fedora-gcc | 1.4.2 | 83.80 | OK | |||
r-devel-windows-x86_64 | 1.4.2 | 5.00 | 87.00 | 92.00 | OK | |
r-patched-linux-x86_64 | 1.4.2 | 3.16 | 52.85 | 56.01 | OK | |
r-release-linux-x86_64 | 1.4.2 | 4.25 | 53.50 | 57.75 | OK | |
r-release-macos-arm64 | 1.4.2 | 32.00 | OK | |||
r-release-macos-x86_64 | 1.4.2 | 80.00 | OK | |||
r-release-windows-x86_64 | 1.4.2 | 4.00 | 86.00 | 90.00 | OK | |
r-oldrel-macos-arm64 | 1.4.2 | 35.00 | OK | |||
r-oldrel-macos-x86_64 | 1.4.2 | 50.00 | OK | |||
r-oldrel-windows-x86_64 | 1.4.2 | 5.00 | 88.00 | 93.00 | OK |
Version: 1.4.2
Check: Rd cross-references
Result: NOTE
Undeclared packages ‘nlstools’, ‘lme4’ in Rd xrefs
Flavor: r-devel-linux-x86_64-fedora-clang