Last updated on 2024-08-05 09:48:09 CEST.
Flavor | Version | Tinstall | Tcheck | Ttotal | Status | Flags |
---|---|---|---|---|---|---|
r-devel-linux-x86_64-debian-clang | 0.3.1 | 62.42 | 54.69 | 117.11 | NOTE | |
r-devel-linux-x86_64-debian-gcc | 0.3.1 | 38.46 | 31.97 | 70.43 | NOTE | |
r-devel-linux-x86_64-fedora-clang | 0.3.1 | 164.97 | NOTE | |||
r-devel-linux-x86_64-fedora-gcc | 0.3.1 | 194.75 | NOTE | |||
r-devel-windows-x86_64 | 0.3.1 | 51.00 | 82.00 | 133.00 | NOTE | |
r-patched-linux-x86_64 | 0.3.1 | 50.54 | 40.28 | 90.82 | OK | |
r-release-linux-x86_64 | 0.3.1 | 61.69 | 51.90 | 113.59 | OK | |
r-release-macos-arm64 | 0.3.1 | 50.00 | NOTE | |||
r-release-macos-x86_64 | 0.3.1 | 77.00 | NOTE | |||
r-release-windows-x86_64 | 0.3.1 | 50.00 | 94.00 | 144.00 | OK | |
r-oldrel-macos-arm64 | 0.3.1 | 72.00 | NOTE | |||
r-oldrel-macos-x86_64 | 0.3.1 | 117.00 | NOTE | |||
r-oldrel-windows-x86_64 | 0.3.1 | 45.00 | 98.00 | 143.00 | OK |
Version: 0.3.1
Check: compiled code
Result: NOTE
File ‘jinjar/libs/jinjar.so’:
Found non-API calls to R: ‘SETLENGTH’, ‘SET_GROWABLE_BIT’,
‘SET_TRUELENGTH’
Compiled code should not call non-API entry points in R.
See ‘Writing portable packages’ in the ‘Writing R Extensions’ manual,
and section ‘Moving into C API compliance’ for issues with the use of
non-API entry points.
Flavors: r-devel-linux-x86_64-debian-clang, r-devel-linux-x86_64-debian-gcc, r-devel-linux-x86_64-fedora-clang, r-devel-linux-x86_64-fedora-gcc
Version: 0.3.1
Check: compiled code
Result: NOTE
File 'jinjar/libs/x64/jinjar.dll':
Found non-API calls to R: 'SETLENGTH', 'SET_GROWABLE_BIT',
'SET_TRUELENGTH'
Compiled code should not call non-API entry points in R.
See 'Writing portable packages' in the 'Writing R Extensions' manual,
and section 'Moving into C API compliance' for issues with the use of
non-API entry points.
Flavor: r-devel-windows-x86_64
Version: 0.3.1
Check: installed package size
Result: NOTE
installed size is 7.4Mb
sub-directories of 1Mb or more:
libs 7.1Mb
Flavors: r-release-macos-arm64, r-release-macos-x86_64, r-oldrel-macos-arm64, r-oldrel-macos-x86_64