Last updated on 2025-05-14 09:49:39 CEST.
Flavor | Version | Tinstall | Tcheck | Ttotal | Status | Flags |
---|---|---|---|---|---|---|
r-devel-linux-x86_64-debian-clang | 0.3.3 | 6.96 | 36.70 | 43.66 | NOTE | |
r-devel-linux-x86_64-debian-gcc | 0.3.3 | 4.37 | 26.69 | 31.06 | NOTE | |
r-devel-linux-x86_64-fedora-clang | 0.3.3 | 68.87 | OK | |||
r-devel-linux-x86_64-fedora-gcc | 0.3.3 | 64.25 | OK | |||
r-devel-windows-x86_64 | 0.3.3 | 7.00 | 56.00 | 63.00 | OK | |
r-patched-linux-x86_64 | 0.3.3 | 5.27 | 34.95 | 40.22 | OK | |
r-release-linux-x86_64 | 0.3.3 | 4.74 | 34.78 | 39.52 | OK | |
r-release-macos-arm64 | 0.3.3 | 23.00 | OK | |||
r-release-macos-x86_64 | 0.3.3 | 55.00 | OK | |||
r-release-windows-x86_64 | 0.3.3 | 7.00 | 55.00 | 62.00 | OK | |
r-oldrel-macos-arm64 | 0.3.3 | 22.00 | OK | |||
r-oldrel-macos-x86_64 | 0.3.3 | 32.00 | OK | |||
r-oldrel-windows-x86_64 | 0.3.3 | 9.00 | 62.00 | 71.00 | OK |
Version: 0.3.3
Check: CRAN incoming feasibility
Result: NOTE
Maintainer: ‘Philip Pallmann <p.pallmann@lancaster.ac.uk>’
Package CITATION file contains call(s) to old-style personList() or
as.personList(). Please use c() on person objects instead.
Package CITATION file contains call(s) to old-style citEntry(). Please
use bibentry() instead.
Flavors: r-devel-linux-x86_64-debian-clang, r-devel-linux-x86_64-debian-gcc