Last updated on 2024-08-05 09:48:10 CEST.
Flavor | Version | Tinstall | Tcheck | Ttotal | Status | Flags |
---|---|---|---|---|---|---|
r-devel-linux-x86_64-debian-clang | 1.1.0 | 44.43 | 851.08 | 895.51 | OK | |
r-devel-linux-x86_64-debian-gcc | 1.1.0 | 29.39 | 412.36 | 441.75 | OK | |
r-devel-linux-x86_64-fedora-clang | 1.1.0 | 1121.04 | NOTE | |||
r-devel-linux-x86_64-fedora-gcc | 1.1.0 | 1059.82 | OK | |||
r-devel-windows-x86_64 | 1.1.0 | 50.00 | 757.00 | 807.00 | NOTE | |
r-patched-linux-x86_64 | 1.1.0 | 182.42 | 617.94 | 800.36 | OK | |
r-release-linux-x86_64 | 1.1.0 | 41.08 | 802.70 | 843.78 | OK | |
r-release-macos-arm64 | 1.1.0 | 271.00 | NOTE | |||
r-release-macos-x86_64 | 1.1.0 | 788.00 | NOTE | |||
r-release-windows-x86_64 | 1.1.0 | 46.00 | 733.00 | 779.00 | NOTE | |
r-oldrel-macos-arm64 | 1.1.0 | 284.00 | NOTE | |||
r-oldrel-macos-x86_64 | 1.1.0 | 510.00 | NOTE | |||
r-oldrel-windows-x86_64 | 1.1.0 | 58.00 | 928.00 | 986.00 | NOTE |
Version: 1.1.0
Check: installed package size
Result: NOTE
installed size is 12.3Mb
sub-directories of 1Mb or more:
doc 3.3Mb
help 8.2Mb
Flavors: r-devel-linux-x86_64-fedora-clang, r-devel-windows-x86_64, r-release-macos-arm64, r-release-macos-x86_64, r-release-windows-x86_64, r-oldrel-macos-arm64, r-oldrel-macos-x86_64, r-oldrel-windows-x86_64