Last updated on 2024-08-05 09:48:10 CEST.
Flavor | Version | Tinstall | Tcheck | Ttotal | Status | Flags |
---|---|---|---|---|---|---|
r-devel-linux-x86_64-debian-clang | 0.5.2 | 191.53 | 264.15 | 455.68 | OK | |
r-devel-linux-x86_64-debian-gcc | 0.5.2 | 100.48 | 125.56 | 226.04 | NOTE | |
r-devel-linux-x86_64-fedora-clang | 0.5.2 | 611.56 | OK | |||
r-devel-linux-x86_64-fedora-gcc | 0.5.2 | 630.03 | OK | |||
r-devel-windows-x86_64 | 0.5.2 | 159.00 | 202.00 | 361.00 | NOTE | |
r-patched-linux-x86_64 | 0.5.2 | 138.04 | 170.62 | 308.66 | OK | |
r-release-linux-x86_64 | 0.5.2 | 125.35 | 246.68 | 372.03 | OK | |
r-release-macos-arm64 | 0.5.2 | 154.00 | NOTE | |||
r-release-macos-x86_64 | 0.5.2 | 166.00 | NOTE | |||
r-release-windows-x86_64 | 0.5.2 | 162.00 | 207.00 | 369.00 | OK | |
r-oldrel-macos-arm64 | 0.5.2 | 169.00 | NOTE | |||
r-oldrel-macos-x86_64 | 0.5.2 | 240.00 | NOTE | |||
r-oldrel-windows-x86_64 | 0.5.2 | 184.00 | 238.00 | 422.00 | OK |
Version: 0.5.2
Check: Rd cross-references
Result: NOTE
Found the following Rd file(s) with Rd \link{} targets missing package
anchors:
read_keywords.Rd: dictionary
Please provide package anchors for all Rd \link{} targets not in the
package itself and the base packages.
Flavors: r-devel-linux-x86_64-debian-gcc, r-devel-windows-x86_64
Version: 0.5.2
Check: installed package size
Result: NOTE
installed size is 11.6Mb
sub-directories of 1Mb or more:
libs 11.1Mb
Flavors: r-release-macos-arm64, r-release-macos-x86_64, r-oldrel-macos-arm64, r-oldrel-macos-x86_64