Last updated on 2025-11-27 09:49:41 CET.
| Flavor | Version | Tinstall | Tcheck | Ttotal | Status | Flags |
|---|---|---|---|---|---|---|
| r-devel-linux-x86_64-debian-clang | 1.0 | 24.71 | 57.42 | 82.13 | NOTE | |
| r-devel-linux-x86_64-debian-gcc | 1.0 | 19.67 | 45.45 | 65.12 | NOTE | |
| r-devel-linux-x86_64-fedora-clang | 1.0 | 74.00 | 65.81 | 139.81 | NOTE | |
| r-devel-linux-x86_64-fedora-gcc | 1.0 | 58.00 | 72.83 | 130.83 | NOTE | |
| r-devel-windows-x86_64 | 1.0 | 33.00 | 80.00 | 113.00 | NOTE | |
| r-patched-linux-x86_64 | 1.0 | 25.55 | 54.55 | 80.10 | NOTE | |
| r-release-linux-x86_64 | 1.0 | 27.47 | 54.79 | 82.26 | NOTE | |
| r-release-macos-arm64 | 1.0 | NOTE | ||||
| r-release-macos-x86_64 | 1.0 | 15.00 | 50.00 | 65.00 | NOTE | |
| r-release-windows-x86_64 | 1.0 | 31.00 | 78.00 | 109.00 | NOTE | |
| r-oldrel-macos-arm64 | 1.0 | NOTE | ||||
| r-oldrel-macos-x86_64 | 1.0 | 15.00 | 44.00 | 59.00 | NOTE | |
| r-oldrel-windows-x86_64 | 1.0 | 38.00 | 102.00 | 140.00 | NOTE |
Version: 1.0
Check: C++ specification
Result: NOTE
Specified C++11: please drop specification unless essential
Flavors: r-devel-linux-x86_64-debian-clang, r-devel-linux-x86_64-debian-gcc, r-devel-windows-x86_64, r-patched-linux-x86_64, r-release-linux-x86_64, r-release-macos-arm64, r-release-macos-x86_64, r-release-windows-x86_64, r-oldrel-macos-arm64, r-oldrel-macos-x86_64, r-oldrel-windows-x86_64
Version: 1.0
Check: C++ specification
Result: NOTE
Specified C++11: support will be removed soon
Flavors: r-devel-linux-x86_64-fedora-clang, r-devel-linux-x86_64-fedora-gcc