CRAN Package Check Results for Package kssa

Last updated on 2025-05-13 09:53:29 CEST.

Flavor Version Tinstall Tcheck Ttotal Status Flags
r-devel-linux-x86_64-debian-clang 0.0.1 8.28 66.52 74.80 NOTE
r-devel-linux-x86_64-debian-gcc 0.0.1 4.94 47.13 52.07 NOTE
r-devel-linux-x86_64-fedora-clang 0.0.1 121.71 OK
r-devel-linux-x86_64-fedora-gcc 0.0.1 108.46 OK
r-devel-windows-x86_64 0.0.1 8.00 79.00 87.00 NOTE
r-patched-linux-x86_64 0.0.1 7.18 62.04 69.22 NOTE
r-release-linux-x86_64 0.0.1 7.76 62.18 69.94 NOTE
r-release-macos-arm64 0.0.1 35.00 OK
r-release-macos-x86_64 0.0.1 61.00 OK
r-release-windows-x86_64 0.0.1 11.00 76.00 87.00 NOTE
r-oldrel-macos-arm64 0.0.1 31.00 OK
r-oldrel-macos-x86_64 0.0.1 48.00 OK
r-oldrel-windows-x86_64 0.0.1 12.00 94.00 106.00 OK

Check Details

Version: 0.0.1
Check: Rd cross-references
Result: NOTE Found the following Rd file(s) with Rd \link{} targets missing package anchors: get_imputations.Rd: imputeTS, forecast kssa.Rd: imputeTS, forecast Please provide package anchors for all Rd \link{} targets not in the package itself and the base packages. Flavors: r-devel-linux-x86_64-debian-clang, r-devel-linux-x86_64-debian-gcc, r-devel-windows-x86_64, r-patched-linux-x86_64, r-release-linux-x86_64, r-release-windows-x86_64