Last updated on 2025-11-22 09:49:57 CET.
| Flavor | Version | Tinstall | Tcheck | Ttotal | Status | Flags |
|---|---|---|---|---|---|---|
| r-devel-linux-x86_64-debian-clang | 2.0-0 | 8.60 | 65.32 | 73.92 | OK | |
| r-devel-linux-x86_64-debian-gcc | 2.0-0 | 6.88 | 52.75 | 59.63 | OK | |
| r-devel-linux-x86_64-fedora-clang | 2.1-0 | 40.00 | 79.08 | 119.08 | OK | |
| r-devel-linux-x86_64-fedora-gcc | 2.1-0 | 15.00 | 101.63 | 116.63 | OK | |
| r-devel-windows-x86_64 | 2.0-0 | 27.00 | 85.00 | 112.00 | OK | |
| r-patched-linux-x86_64 | 2.0-0 | 9.17 | 61.33 | 70.50 | OK | |
| r-release-linux-x86_64 | 2.0-0 | 7.84 | 61.17 | 69.01 | OK | |
| r-release-macos-arm64 | 2.1-0 | 0.00 | 9.00 | 9.00 | ERROR | |
| r-release-macos-x86_64 | 2.1-0 | 15.00 | 107.00 | 122.00 | OK | |
| r-release-windows-x86_64 | 2.0-0 | 16.00 | 83.00 | 99.00 | OK | |
| r-oldrel-macos-arm64 | 2.1-0 | 0.00 | 9.00 | 9.00 | ERROR | |
| r-oldrel-macos-x86_64 | 2.1-0 | 12.00 | 86.00 | 98.00 | OK | |
| r-oldrel-windows-x86_64 | 2.0-0 | 17.00 | 102.00 | 119.00 | OK |
Version: 2.1-0
Check: whether package can be installed
Result: ERROR
Installation failed.
Flavors: r-release-macos-arm64, r-oldrel-macos-arm64