Last updated on 2025-10-24 09:50:08 CEST.
| Flavor | Version | Tinstall | Tcheck | Ttotal | Status | Flags |
|---|---|---|---|---|---|---|
| r-devel-linux-x86_64-debian-clang | 0.8.39 | 1.73 | 32.29 | 34.02 | NOTE | |
| r-devel-linux-x86_64-debian-gcc | 0.8.39 | 1.42 | 25.34 | 26.76 | NOTE | |
| r-devel-linux-x86_64-fedora-clang | 0.8.39 | 53.10 | OK | |||
| r-devel-linux-x86_64-fedora-gcc | 0.8.39 | 63.77 | OK | |||
| r-devel-windows-x86_64 | 0.8.39 | 3.00 | 50.00 | 53.00 | OK | |
| r-patched-linux-x86_64 | 0.8.39 | 2.31 | 31.14 | 33.45 | OK | |
| r-release-linux-x86_64 | 0.8.39 | 1.73 | 31.00 | 32.73 | OK | |
| r-release-macos-arm64 | 0.8.39 | 1.00 | 25.00 | 26.00 | OK | |
| r-release-macos-x86_64 | 0.8.39 | 3.00 | 71.00 | 74.00 | OK | |
| r-release-windows-x86_64 | 0.8.39 | 3.00 | 52.00 | 55.00 | OK | |
| r-oldrel-macos-arm64 | 0.8.39 | 1.00 | 29.00 | 30.00 | OK | |
| r-oldrel-macos-x86_64 | 0.8.39 | 3.00 | 50.00 | 53.00 | OK | |
| r-oldrel-windows-x86_64 | 0.8.39 | 5.00 | 60.00 | 65.00 | OK |
Version: 0.8.39
Check: CRAN incoming feasibility
Result: NOTE
Maintainer: ‘Thomas Wutzler <twutz@bgc-jena.mpg.de>’
No Authors@R field in DESCRIPTION.
Please add one, modifying
Authors@R: person(given = "Thomas",
family = "Wutzler",
role = c("aut", "cre"),
email = "twutz@bgc-jena.mpg.de")
as necessary.
Flavors: r-devel-linux-x86_64-debian-clang, r-devel-linux-x86_64-debian-gcc