Last updated on 2025-10-09 09:50:28 CEST.
Flavor | Version | Tinstall | Tcheck | Ttotal | Status | Flags |
---|---|---|---|---|---|---|
r-devel-linux-x86_64-debian-clang | 0.1 | 4.67 | 38.70 | 43.37 | OK | |
r-devel-linux-x86_64-debian-gcc | 0.1 | 4.07 | 28.25 | 32.32 | OK | |
r-devel-linux-x86_64-fedora-clang | 0.1 | 63.99 | OK | |||
r-devel-linux-x86_64-fedora-gcc | 0.1 | 59.56 | OK | |||
r-devel-windows-x86_64 | 0.1 | 6.00 | 52.00 | 58.00 | OK | |
r-patched-linux-x86_64 | 0.1 | 4.37 | 34.90 | 39.27 | OK | |
r-release-linux-x86_64 | 0.1 | 4.18 | 35.12 | 39.30 | OK | |
r-release-macos-arm64 | 0.1 | 31.00 | OK | |||
r-release-macos-x86_64 | 0.1 | 40.00 | OK | |||
r-release-windows-x86_64 | 0.1 | 7.00 | 53.00 | 60.00 | OK | |
r-oldrel-macos-arm64 | 0.1 | 25.00 | NOTE | |||
r-oldrel-macos-x86_64 | 0.1 | 38.00 | NOTE | |||
r-oldrel-windows-x86_64 | 0.1 | 9.00 | 62.00 | 71.00 | NOTE |
Version: 0.1
Check: LazyData
Result: NOTE
'LazyData' is specified without a 'data' directory
Flavors: r-oldrel-macos-arm64, r-oldrel-macos-x86_64, r-oldrel-windows-x86_64