Last updated on 2025-10-31 08:50:18 CET.
| Flavor | Version | Tinstall | Tcheck | Ttotal | Status | Flags | 
|---|---|---|---|---|---|---|
| r-devel-linux-x86_64-debian-clang | 1.2 | 54.10 | 31.37 | 85.47 | WARN | |
| r-devel-linux-x86_64-debian-gcc | 1.2 | 33.93 | 23.85 | 57.78 | WARN | |
| r-devel-linux-x86_64-fedora-clang | 1.2 | 122.00 | 35.00 | 157.00 | NOTE | |
| r-devel-linux-x86_64-fedora-gcc | 1.2 | 94.00 | 48.48 | 142.48 | NOTE | |
| r-devel-windows-x86_64 | 1.2 | 62.00 | 86.00 | 148.00 | NOTE | |
| r-patched-linux-x86_64 | 1.2 | 56.46 | 29.45 | 85.91 | NOTE | |
| r-release-linux-x86_64 | 1.2 | 54.89 | 29.16 | 84.05 | NOTE | |
| r-release-macos-arm64 | 1.2 | 24.00 | 21.00 | 45.00 | NOTE | |
| r-release-macos-x86_64 | 1.2 | 19.00 | 33.00 | 52.00 | NOTE | |
| r-release-windows-x86_64 | 1.2 | 63.00 | 82.00 | 145.00 | NOTE | |
| r-oldrel-macos-arm64 | 1.2 | 20.00 | 18.00 | 38.00 | NOTE | |
| r-oldrel-macos-x86_64 | 1.2 | 17.00 | 26.00 | 43.00 | NOTE | |
| r-oldrel-windows-x86_64 | 1.2 | 74.00 | 87.00 | 161.00 | NOTE | 
Version: 1.2
Check: whether package can be installed
Result: WARN
  Found the following significant warnings:
    /home/hornik/tmp/R.check/r-devel-clang/Work/build/Packages/RcppArmadillo/include/RcppArmadillo/version/arma.h:66:17: warning: Using fallback compilation with Armadillo 14.6.3. Please consider defining -DARMA_USE_CURRENT and also removing C++11 compilation directive. See GitHub issue #475 for more. [-W#pragma-messages]
  See ‘/home/hornik/tmp/R.check/r-devel-clang/Work/PKGS/lvmcomp.Rcheck/00install.out’ for details.
  * used C compiler: ‘Debian clang version 19.1.7 (7)’
  * used C++ compiler: ‘Debian clang version 19.1.7 (7)’
Flavor: r-devel-linux-x86_64-debian-clang
Version: 1.2
Check: C++ specification
Result: NOTE
    Specified C++11: please drop specification unless essential
Flavors: r-devel-linux-x86_64-debian-clang, r-devel-linux-x86_64-debian-gcc, r-devel-linux-x86_64-fedora-clang, r-devel-linux-x86_64-fedora-gcc, r-devel-windows-x86_64, r-patched-linux-x86_64, r-release-linux-x86_64, r-release-macos-arm64, r-release-macos-x86_64, r-release-windows-x86_64, r-oldrel-macos-arm64, r-oldrel-macos-x86_64, r-oldrel-windows-x86_64
Version: 1.2
Check: Rd files
Result: NOTE
  checkRd: (-1) StEM_pcirt.Rd:11: Lost braces; missing escapes or markup?
      11 | \item{response}{N by J matrix containing {0,1,...,M-1} responses, where N is the number of respondents and J is the number of items.}
         |                                          ^
Flavors: r-devel-linux-x86_64-debian-clang, r-devel-linux-x86_64-debian-gcc, r-devel-linux-x86_64-fedora-clang, r-devel-linux-x86_64-fedora-gcc, r-devel-windows-x86_64, r-patched-linux-x86_64, r-release-linux-x86_64, r-release-macos-arm64, r-release-macos-x86_64, r-release-windows-x86_64, r-oldrel-macos-arm64, r-oldrel-macos-x86_64, r-oldrel-windows-x86_64
Version: 1.2
Check: whether package can be installed
Result: WARN
  Found the following significant warnings:
    /home/hornik/tmp/R.check/r-devel-gcc/Work/build/Packages/RcppArmadillo/include/RcppArmadillo/version/arma.h:66:199: note: ‘#pragma message: Using fallback compilation with Armadillo 14.6.3. Please consider defining -DARMA_USE_CURRENT and also removing C++11 compilation directive. See GitHub issue #475 for more.’
  See ‘/home/hornik/tmp/R.check/r-devel-gcc/Work/PKGS/lvmcomp.Rcheck/00install.out’ for details.
  * used C compiler: ‘gcc-15 (Debian 15.2.0-4) 15.2.0’
  * used C++ compiler: ‘g++-15 (Debian 15.2.0-4) 15.2.0’
Flavor: r-devel-linux-x86_64-debian-gcc