Last updated on 2025-11-21 09:49:08 CET.
| Flavor | Version | Tinstall | Tcheck | Ttotal | Status | Flags |
|---|---|---|---|---|---|---|
| r-devel-linux-x86_64-debian-clang | 1.6-1 | 4.14 | 59.11 | 63.25 | NOTE | |
| r-devel-linux-x86_64-debian-gcc | 1.6-1 | 3.18 | 44.30 | 47.48 | NOTE | |
| r-devel-linux-x86_64-fedora-clang | 1.6-1 | 93.92 | OK | |||
| r-devel-linux-x86_64-fedora-gcc | 1.6-1 | 99.85 | OK | |||
| r-devel-windows-x86_64 | 1.6-1 | 9.00 | 94.00 | 103.00 | OK | |
| r-patched-linux-x86_64 | 1.6-1 | 5.31 | 53.39 | 58.70 | OK | |
| r-release-linux-x86_64 | 1.6-1 | 4.27 | 53.56 | 57.83 | OK | |
| r-release-macos-arm64 | 1.6-1 | OK | ||||
| r-release-macos-x86_64 | 1.6-1 | 3.00 | 74.00 | 77.00 | OK | |
| r-release-windows-x86_64 | 1.6-1 | 7.00 | 93.00 | 100.00 | OK | |
| r-oldrel-macos-arm64 | 1.6-1 | OK | ||||
| r-oldrel-macos-x86_64 | 1.6-1 | 3.00 | 49.00 | 52.00 | OK | |
| r-oldrel-windows-x86_64 | 1.6-1 | 8.00 | 94.00 | 102.00 | OK |
Version: 1.6-1
Check: CRAN incoming feasibility
Result: NOTE
Maintainer: ‘Robin K. S. Hankin <hankin.robin@gmail.com>’
Package CITATION file contains call(s) to old-style personList() or
as.personList(). Please use c() on person objects instead.
Package CITATION file contains call(s) to old-style citEntry(). Please
use bibentry() instead.
Flavors: r-devel-linux-x86_64-debian-clang, r-devel-linux-x86_64-debian-gcc