Last updated on 2024-09-08 09:48:23 CEST.
Flavor | Version | Tinstall | Tcheck | Ttotal | Status | Flags |
---|---|---|---|---|---|---|
r-devel-linux-x86_64-debian-clang | 1.0.0 | 64.37 | 84.22 | 148.59 | OK | |
r-devel-linux-x86_64-debian-gcc | 1.0.0 | 54.18 | 63.47 | 117.65 | OK | |
r-devel-linux-x86_64-fedora-clang | 1.0.0 | 253.03 | OK | |||
r-devel-linux-x86_64-fedora-gcc | 1.0.0 | 276.97 | OK | |||
r-devel-windows-x86_64 | 1.0.0 | 71.00 | 133.00 | 204.00 | OK | |
r-patched-linux-x86_64 | 1.0.0 | 75.25 | 80.60 | 155.85 | OK | |
r-release-linux-x86_64 | 1.0.0 | 68.99 | 80.67 | 149.66 | OK | |
r-release-macos-arm64 | 1.0.0 | 68.00 | NOTE | |||
r-release-macos-x86_64 | 1.0.0 | 92.00 | NOTE | |||
r-release-windows-x86_64 | 1.0.0 | 65.00 | 124.00 | 189.00 | OK | |
r-oldrel-macos-arm64 | 1.0.0 | 80.00 | NOTE | |||
r-oldrel-macos-x86_64 | 1.0.0 | 141.00 | NOTE | |||
r-oldrel-windows-x86_64 | 1.0.0 | 84.00 | 148.00 | 232.00 | OK |
Version: 1.0.0
Check: installed package size
Result: NOTE
installed size is 5.8Mb
sub-directories of 1Mb or more:
libs 5.1Mb
Flavors: r-release-macos-arm64, r-release-macos-x86_64, r-oldrel-macos-arm64, r-oldrel-macos-x86_64