Last updated on 2024-09-06 09:49:24 CEST.
Flavor | Version | Tinstall | Tcheck | Ttotal | Status | Flags |
---|---|---|---|---|---|---|
r-devel-linux-x86_64-debian-clang | 0.7 | 6.01 | 141.21 | 147.22 | OK | |
r-devel-linux-x86_64-debian-gcc | 0.7 | 5.01 | 101.19 | 106.20 | OK | |
r-devel-linux-x86_64-fedora-clang | 0.7 | 238.74 | NOTE | |||
r-devel-linux-x86_64-fedora-gcc | 0.7 | 239.27 | OK | |||
r-devel-windows-x86_64 | 0.7 | 9.00 | 147.00 | 156.00 | NOTE | |
r-patched-linux-x86_64 | 0.7 | 7.02 | 134.93 | 141.95 | OK | |
r-release-linux-x86_64 | 0.7 | 6.23 | 134.18 | 140.41 | OK | |
r-release-macos-arm64 | 0.7 | 65.00 | NOTE | |||
r-release-macos-x86_64 | 0.7 | 100.00 | NOTE | |||
r-release-windows-x86_64 | 0.7 | 9.00 | 187.00 | 196.00 | NOTE | |
r-oldrel-macos-arm64 | 0.7 | 73.00 | NOTE | |||
r-oldrel-macos-x86_64 | 0.7 | 145.00 | NOTE | |||
r-oldrel-windows-x86_64 | 0.7 | 13.00 | 160.00 | 173.00 | NOTE |
Version: 0.7
Check: installed package size
Result: NOTE
installed size is 8.5Mb
sub-directories of 1Mb or more:
doc 7.4Mb
Flavors: r-devel-linux-x86_64-fedora-clang, r-devel-windows-x86_64, r-release-macos-arm64, r-release-macos-x86_64, r-release-windows-x86_64, r-oldrel-macos-arm64, r-oldrel-macos-x86_64, r-oldrel-windows-x86_64