Last updated on 2025-05-23 09:52:18 CEST.
Flavor | Version | Tinstall | Tcheck | Ttotal | Status | Flags |
---|---|---|---|---|---|---|
r-devel-linux-x86_64-debian-clang | 0.7.8 | 89.78 | 350.08 | 439.86 | OK | |
r-devel-linux-x86_64-debian-gcc | 0.7.8 | 67.22 | 263.26 | 330.48 | OK | |
r-devel-linux-x86_64-fedora-clang | 0.7.8 | 708.69 | OK | |||
r-devel-linux-x86_64-fedora-gcc | 0.7.8 | 764.55 | OK | |||
r-devel-windows-x86_64 | 0.7.8 | 103.00 | 370.00 | 473.00 | OK | |
r-patched-linux-x86_64 | 0.7.8 | 97.94 | 337.55 | 435.49 | OK | |
r-release-linux-x86_64 | 0.7.8 | 98.48 | 336.76 | 435.24 | OK | |
r-release-macos-arm64 | 0.7.8 | 319.00 | OK | |||
r-release-macos-x86_64 | 0.7.8 | 359.00 | OK | |||
r-release-windows-x86_64 | 0.7.8 | 105.00 | 374.00 | 479.00 | OK | |
r-oldrel-macos-arm64 | 0.7.8 | 196.00 | NOTE | |||
r-oldrel-macos-x86_64 | 0.7.8 | 348.00 | NOTE | |||
r-oldrel-windows-x86_64 | 0.7.8 | 121.00 | 475.00 | 596.00 | OK |
Version: 0.7.8
Check: installed package size
Result: NOTE
installed size is 21.3Mb
sub-directories of 1Mb or more:
R 2.0Mb
libs 18.8Mb
Flavors: r-oldrel-macos-arm64, r-oldrel-macos-x86_64