Last updated on 2025-05-28 09:53:00 CEST.
Flavor | Version | Tinstall | Tcheck | Ttotal | Status | Flags |
---|---|---|---|---|---|---|
r-devel-linux-x86_64-debian-clang | 0.1.0 | 3.88 | 36.16 | 40.04 | OK | |
r-devel-linux-x86_64-debian-gcc | 0.1.0 | 3.07 | 27.37 | 30.44 | OK | |
r-devel-linux-x86_64-fedora-clang | 0.1.0 | 59.94 | OK | |||
r-devel-linux-x86_64-fedora-gcc | 0.1.0 | 55.77 | OK | |||
r-devel-windows-x86_64 | 0.1.0 | 6.00 | 53.00 | 59.00 | OK | |
r-patched-linux-x86_64 | 0.1.0 | 3.32 | 32.63 | 35.95 | OK | |
r-release-linux-x86_64 | 0.1.0 | 3.53 | 32.88 | 36.41 | OK | |
r-release-macos-arm64 | 0.1.0 | 33.00 | OK | |||
r-release-macos-x86_64 | 0.1.0 | 39.00 | OK | |||
r-release-windows-x86_64 | 0.1.0 | 6.00 | 52.00 | 58.00 | OK | |
r-oldrel-macos-arm64 | 0.1.0 | 21.00 | NOTE | |||
r-oldrel-macos-x86_64 | 0.1.0 | 48.00 | NOTE | |||
r-oldrel-windows-x86_64 | 0.1.0 | 8.00 | 61.00 | 69.00 | NOTE |
Version: 0.1.0
Check: LazyData
Result: NOTE
'LazyData' is specified without a 'data' directory
Flavors: r-oldrel-macos-arm64, r-oldrel-macos-x86_64, r-oldrel-windows-x86_64