Last updated on 2025-10-21 09:48:37 CEST.
Flavor | Version | Tinstall | Tcheck | Ttotal | Status | Flags |
---|---|---|---|---|---|---|
r-devel-linux-x86_64-debian-clang | 0.1.2 | 23.24 | 49.12 | 72.36 | OK | |
r-devel-linux-x86_64-debian-gcc | 0.1.2 | 15.10 | 35.86 | 50.96 | NOTE | |
r-devel-linux-x86_64-fedora-clang | 0.1.2 | 122.23 | OK | |||
r-devel-linux-x86_64-fedora-gcc | 0.1.2 | 128.64 | OK | |||
r-devel-windows-x86_64 | 0.1.2 | 31.00 | 92.00 | 123.00 | OK | |
r-patched-linux-x86_64 | 0.1.2 | 26.11 | 46.47 | 72.58 | OK | |
r-release-linux-x86_64 | 0.1.2 | 24.63 | 46.18 | 70.81 | OK | |
r-release-macos-arm64 | 0.1.2 | 46.00 | OK | |||
r-release-macos-x86_64 | 0.1.2 | 70.00 | OK | |||
r-release-windows-x86_64 | 0.1.2 | 31.00 | 95.00 | 126.00 | OK | |
r-oldrel-macos-arm64 | 0.1.2 | 39.00 | OK | |||
r-oldrel-macos-x86_64 | 0.1.2 | 98.00 | OK | |||
r-oldrel-windows-x86_64 | 0.1.2 | 37.00 | 111.00 | 148.00 | OK |
Version: 0.1.2
Check: HTML version of manual
Result: NOTE
Found the following HTML validation problems:
CVaR.html:50:1 (CVaR.Rd:12): Warning: missing </ul> before </div>
VaR.html:50:1 (VaR.Rd:12): Warning: missing </ul> before </div>
add_dens_polygon.html:80:1 (add_dens_polygon.Rd:32): Warning: missing </ul> before </div>
annotate.html:66:1 (annotate.Rd:20): Warning: missing </ul> before </div>
custom_bw.html:47:1 (custom_bw.Rd:10): Warning: missing </ul> before </div>
est_beta_params.html:50:1 (est_beta_params.Rd:12): Warning: missing </ul> before </div>
fastlm.html:50:1 (fastlm.Rd:12): Warning: missing </ul> before </div>
get_efficient_frontier.html:50:1 (get_efficient_frontier.Rd:12): Warning: missing </ul> before </div>
get_quantile_contour.html:50:1 (get_quantile_contour.Rd:12): Warning: missing </ul> before </div>
is_element.html:50:1 (is_element.Rd:12): Warning: missing </ul> before </div>
metasim_base.html:120:1 (metasim_base.Rd:57): Warning: missing </ul> before </div>
my.axis.html:60:1 (my.axis.Rd:18): Warning: missing </ul> before </div>
optim_thermal.html:54:1 (optim_thermal.Rd:14): Warning: missing </ul> before </div>
plot_panel_lines.html:59:1 (plot_panel_lines.Rd:17): Warning: missing </ul> before </div>
thermal_area.html:78:1 (thermal_area.Rd:28): Warning: missing </ul> before </div>
Flavor: r-devel-linux-x86_64-debian-gcc