Last updated on 2024-09-06 09:49:24 CEST.
Flavor | Version | Tinstall | Tcheck | Ttotal | Status | Flags |
---|---|---|---|---|---|---|
r-devel-linux-x86_64-debian-clang | 1.1.1 | 2.82 | 110.04 | 112.86 | NOTE | |
r-devel-linux-x86_64-debian-gcc | 1.1.1 | 2.58 | 71.14 | 73.72 | NOTE | |
r-devel-linux-x86_64-fedora-clang | 1.1.1 | 194.91 | OK | |||
r-devel-linux-x86_64-fedora-gcc | 1.1.1 | 183.67 | OK | |||
r-devel-windows-x86_64 | 1.1.1 | 5.00 | 139.00 | 144.00 | NOTE | |
r-patched-linux-x86_64 | 1.1.1 | 10.40 | 102.04 | 112.44 | OK | |
r-release-linux-x86_64 | 1.1.1 | 3.38 | 102.10 | 105.48 | OK | |
r-release-macos-arm64 | 1.1.1 | 50.00 | OK | |||
r-release-macos-x86_64 | 1.1.1 | 79.00 | OK | |||
r-release-windows-x86_64 | 1.1.1 | 5.00 | 133.00 | 138.00 | OK | |
r-oldrel-macos-arm64 | 1.1.1 | 54.00 | OK | |||
r-oldrel-macos-x86_64 | 1.1.1 | 123.00 | OK | |||
r-oldrel-windows-x86_64 | 1.1.1 | 6.00 | 155.00 | 161.00 | OK |
Version: 1.1.1
Check: Rd cross-references
Result: NOTE
Found the following Rd file(s) with Rd \link{} targets missing package
anchors:
metamedian-defunct.Rd: qe.fit, print.qe.fit
qe.Rd: qe.fit
qe.study.level.Rd: qe.fit
Please provide package anchors for all Rd \link{} targets not in the
package itself and the base packages.
Flavors: r-devel-linux-x86_64-debian-clang, r-devel-linux-x86_64-debian-gcc, r-devel-windows-x86_64