Last updated on 2025-11-23 09:50:54 CET.
| Flavor | Version | Tinstall | Tcheck | Ttotal | Status | Flags |
|---|---|---|---|---|---|---|
| r-devel-linux-x86_64-debian-clang | 0.1.2 | 3.40 | 34.24 | 37.64 | OK | |
| r-devel-linux-x86_64-debian-gcc | 0.1.2 | 2.60 | 26.66 | 29.26 | OK | |
| r-devel-linux-x86_64-fedora-clang | 0.1.2 | 55.64 | OK | |||
| r-devel-linux-x86_64-fedora-gcc | 0.1.2 | 51.66 | OK | |||
| r-devel-windows-x86_64 | 0.1.2 | 7.00 | 48.00 | 55.00 | OK | |
| r-patched-linux-x86_64 | 0.1.2 | 3.82 | 30.88 | 34.70 | OK | |
| r-release-linux-x86_64 | 0.1.2 | 3.29 | 30.99 | 34.28 | OK | |
| r-release-macos-arm64 | 0.1.2 | OK | ||||
| r-release-macos-x86_64 | 0.1.2 | 4.00 | 30.00 | 34.00 | OK | |
| r-release-windows-x86_64 | 0.1.2 | 6.00 | 48.00 | 54.00 | OK | |
| r-oldrel-macos-arm64 | 0.1.2 | NOTE | ||||
| r-oldrel-macos-x86_64 | 0.1.2 | 3.00 | 30.00 | 33.00 | NOTE | |
| r-oldrel-windows-x86_64 | 0.1.2 | 8.00 | 56.00 | 64.00 | NOTE |
Version: 0.1.2
Check: LazyData
Result: NOTE
'LazyData' is specified without a 'data' directory
Flavors: r-oldrel-macos-arm64, r-oldrel-macos-x86_64, r-oldrel-windows-x86_64