Last updated on 2025-10-22 09:50:40 CEST.
Flavor | Version | Tinstall | Tcheck | Ttotal | Status | Flags |
---|---|---|---|---|---|---|
r-devel-linux-x86_64-debian-clang | 1.6 | 5.61 | 833.64 | 839.25 | NOTE | |
r-devel-linux-x86_64-debian-gcc | 1.6 | 3.97 | 443.29 | 447.26 | NOTE | |
r-devel-linux-x86_64-fedora-clang | 1.6 | 16.00 | 1398.49 | 1414.49 | NOTE | |
r-devel-linux-x86_64-fedora-gcc | 1.6 | 15.00 | 1297.75 | 1312.75 | NOTE | |
r-devel-windows-x86_64 | 1.6 | 9.00 | 597.00 | 606.00 | OK | |
r-patched-linux-x86_64 | 1.6 | 5.92 | 792.87 | 798.79 | OK | |
r-release-linux-x86_64 | 1.6 | 5.57 | 789.08 | 794.65 | OK | |
r-release-macos-arm64 | 1.6 | 4.00 | 305.00 | 309.00 | OK | |
r-release-macos-x86_64 | 1.6 | 5.00 | 539.00 | 544.00 | OK | |
r-release-windows-x86_64 | 1.6 | 11.00 | 595.00 | 606.00 | OK | |
r-oldrel-macos-arm64 | 1.6 | 3.00 | 266.00 | 269.00 | OK | |
r-oldrel-macos-x86_64 | 1.6 | 6.00 | 553.00 | 559.00 | OK | |
r-oldrel-windows-x86_64 | 1.6 | 14.00 | 933.00 | 947.00 | OK |
Version: 1.6
Check: HTML version of manual
Result: NOTE
Found the following HTML validation problems:
checkSolution.html:50:1 (checkSolution.Rd:12): Warning: missing </ul> before </div>
convertFlowsToMoles.html:54:1 (convertFlowsToMoles.Rd:14): Warning: missing </ul> before </div>
convertStatesToMoles.html:50:1 (convertStatesToMoles.Rd:12): Warning: missing </ul> before </div>
derivsDefault.html:54:1 (derivsDefault.Rd:14): Warning: missing </ul> before </div>
getValues.html:85:1 (getValues.Rd:34): Warning: missing </ul> before </div>
makeNetworkMatrices.html:63:1 (makeNetworkMatrices.Rd:21): Warning: missing </ul> before </div>
massBalanceFuncDefault.html:63:1 (massBalanceFuncDefault.Rd:19): Warning: missing </ul> before </div>
meanTraitFunc.html:62:1 (meanTraitFunc.Rd:18): Warning: missing </ul> before </div>
plotTraitChange.html:88:1 (plotTraitChange.Rd:36): Warning: missing </ul> before </div>
runMicroPopExample.html:47:1 (runMicroPopExample.Rd:10): Warning: missing </ul> before </div>
sumConcOverStrains.html:63:1 (sumConcOverStrains.Rd:21): Warning: missing </ul> before </div>
sumFlowOverStrains.html:54:1 (sumFlowOverStrains.Rd:14): Warning: missing </ul> before </div>
Flavors: r-devel-linux-x86_64-debian-clang, r-devel-linux-x86_64-debian-gcc
Version: 1.6
Check: dependencies in R code
Result: NOTE
Namespace in Imports field not imported from: ‘testthat’
All declared Imports should be used.
Flavors: r-devel-linux-x86_64-fedora-clang, r-devel-linux-x86_64-fedora-gcc